{"id":377,"date":"2023-03-13T19:44:26","date_gmt":"2023-03-13T19:44:26","guid":{"rendered":"https:\/\/fischerruedi.ch\/?page_id=377"},"modified":"2023-03-25T10:19:05","modified_gmt":"2023-03-25T10:19:05","slug":"impressum","status":"publish","type":"page","link":"https:\/\/www.fischerruedi.ch\/?page_id=377","title":{"rendered":"Impressum"},"content":{"rendered":"<p>[et_pb_section fb_built=&#8220;1&#8243; theme_builder_area=&#8220;post_content&#8220; _builder_version=&#8220;4.20.2&#8243; _module_preset=&#8220;default&#8220;][et_pb_row _builder_version=&#8220;4.20.2&#8243; _module_preset=&#8220;default&#8220; theme_builder_area=&#8220;post_content&#8220;][et_pb_column _builder_version=&#8220;4.20.2&#8243; _module_preset=&#8220;default&#8220; type=&#8220;4_4&#8243; theme_builder_area=&#8220;post_content&#8220;][et_pb_text _builder_version=&#8220;4.20.2&#8243; _module_preset=&#8220;default&#8220; theme_builder_area=&#8220;post_content&#8220; hover_enabled=&#8220;0&#8243; sticky_enabled=&#8220;0&#8243;]<\/p>\n<p><b>Verantwortliche Instanz:<\/b><br \/><span>Ruedi Fischer<\/span><br \/><span>Solothurnstrasse 39<\/span><br \/><span>B\u00e4tterkinden 3315<\/span><br \/><span>Schweiz<\/span><br \/><strong>E-Mail<\/strong><span>: ruedi@rvfischer.ch<\/span><\/p>\n<p><strong>Haftungsausschluss<\/strong><br \/><span>Der Autor \u00fcbernimmt keine Gew\u00e4hr f\u00fcr die Richtigkeit, Genauigkeit, Aktualit\u00e4t, Zuverl\u00e4ssigkeit und Vollst\u00e4ndigkeit der Informationen.<\/span><br \/><span>Haftungsanspr\u00fcche gegen den Autor wegen Sch\u00e4den materieller oder immaterieller Art, die aus dem Zugriff oder der Nutzung bzw. Nichtnutzung der ver\u00f6ffentlichten Informationen, durch Missbrauch der Verbindung oder durch technische St\u00f6rungen entstanden sind, werden ausgeschlossen.<\/span><\/p>\n<p><span>Alle Angebote sind freibleibend. Der Autor beh\u00e4lt es sich ausdr\u00fccklich vor, Teile der Seiten oder das gesamte Angebot ohne gesonderte Ank\u00fcndigung zu ver\u00e4ndern, zu erg\u00e4nzen, zu l\u00f6schen oder die Ver\u00f6ffentlichung zeitweise oder endg\u00fcltig einzustellen.<\/span><\/p>\n<p><strong>Haftungsausschluss f\u00fcr Inhalte und Links<\/strong><br \/><span>Verweise und Links auf Webseiten Dritter liegen ausserhalb unseres Verantwortungsbereichs. Es wird jegliche Verantwortung f\u00fcr solche Webseiten abgelehnt. Der Zugriff und die Nutzung solcher Webseiten erfolgen auf eigene Gefahr des jeweiligen Nutzers.<\/span><\/p>\n<p><strong>Urheberrechtserkl\u00e4rung<\/strong><br \/><span>Die Urheber- und alle anderen Rechte an Inhalten, Bildern, Fotos oder anderen Dateien auf dieser Website, geh\u00f6ren ausschliesslich Ruedi Fischer oder den speziell genannten Rechteinhabern. F\u00fcr die Reproduktion jeglicher Elemente ist die schriftliche Zustimmung des Urheberrechtstr\u00e4gers im Voraus einzuholen.<\/span><\/p>\n<p><strong>Bildquellen<br \/><\/strong><a href=\"https:\/\/www.peterbudi.ch\">Luftaufnahmen R\u00f6thlisberger<\/a>, eigene Aufnahmen<\/p>\n<p><strong><\/strong><\/p>\n<p><span><\/span><\/p>\n<p><span><\/span><\/p>\n<p>[\/et_pb_text][\/et_pb_column][\/et_pb_row][\/et_pb_section]<\/p>\n","protected":false},"excerpt":{"rendered":"<p>Verantwortliche Instanz:Ruedi FischerSolothurnstrasse 39B\u00e4tterkinden 3315SchweizE-Mail: ruedi@rvfischer.ch HaftungsausschlussDer Autor \u00fcbernimmt keine Gew\u00e4hr f\u00fcr die Richtigkeit, Genauigkeit, Aktualit\u00e4t, Zuverl\u00e4ssigkeit und Vollst\u00e4ndigkeit der Informationen.Haftungsanspr\u00fcche gegen den Autor wegen Sch\u00e4den materieller oder immaterieller Art, die aus dem Zugriff oder der Nutzung bzw. Nichtnutzung der ver\u00f6ffentlichten Informationen, durch Missbrauch der Verbindung oder durch technische St\u00f6rungen entstanden sind, werden ausgeschlossen. Alle Angebote sind freibleibend. Der Autor beh\u00e4lt es sich ausdr\u00fccklich vor, Teile der Seiten oder das gesamte Angebot ohne gesonderte Ank\u00fcndigung zu ver\u00e4ndern, zu erg\u00e4nzen, zu l\u00f6schen oder die Ver\u00f6ffentlichung zeitweise oder endg\u00fcltig einzustellen. Haftungsausschluss f\u00fcr Inhalte und LinksVerweise und Links auf Webseiten Dritter liegen ausserhalb unseres Verantwortungsbereichs. Es wird jegliche Verantwortung f\u00fcr solche Webseiten abgelehnt. Der Zugriff und die Nutzung solcher Webseiten erfolgen auf eigene Gefahr des jeweiligen Nutzers. Urheberrechtserkl\u00e4rungDie Urheber- und alle anderen Rechte an Inhalten, Bildern, Fotos oder anderen Dateien auf dieser Website, geh\u00f6ren ausschliesslich Ruedi Fischer oder den speziell genannten Rechteinhabern. F\u00fcr die Reproduktion jeglicher Elemente ist die schriftliche Zustimmung des Urheberrechtstr\u00e4gers im Voraus einzuholen. BildquellenLuftaufnahmen R\u00f6thlisberger, eigene Aufnahmen<\/p>\n","protected":false},"author":1,"featured_media":0,"parent":0,"menu_order":0,"comment_status":"closed","ping_status":"closed","template":"","meta":{"_et_pb_use_builder":"on","_et_pb_old_content":"","_et_gb_content_width":"","footnotes":""},"class_list":["post-377","page","type-page","status-publish","hentry"],"yoast_head":"<!-- This site is optimized with the Yoast SEO plugin v27.4 - https:\/\/yoast.com\/product\/yoast-seo-wordpress\/ -->\n<title>Impressum - Fischer Ruedi<\/title>\n<meta name=\"description\" content=\"Fischer Ruedi Impressum Fischer Ruedi Grossratswahl B\u00e4tterkinden SVP Untere Emme Landwirt Grossratswahlen 2022 kanton bern Politik bern\" \/>\n<meta name=\"robots\" content=\"index, follow, max-snippet:-1, max-image-preview:large, max-video-preview:-1\" \/>\n<link rel=\"canonical\" href=\"https:\/\/www.fischerruedi.ch\/?page_id=377\" \/>\n<meta property=\"og:locale\" content=\"de_DE\" \/>\n<meta property=\"og:type\" content=\"article\" \/>\n<meta property=\"og:title\" content=\"Impressum - Fischer Ruedi\" \/>\n<meta property=\"og:description\" content=\"Fischer Ruedi Impressum Fischer Ruedi Grossratswahl B\u00e4tterkinden SVP Untere Emme Landwirt Grossratswahlen 2022 kanton bern Politik bern\" \/>\n<meta property=\"og:url\" content=\"https:\/\/www.fischerruedi.ch\/?page_id=377\" \/>\n<meta property=\"og:site_name\" content=\"Fischer Ruedi\" \/>\n<meta property=\"article:modified_time\" content=\"2023-03-25T10:19:05+00:00\" \/>\n<meta name=\"twitter:card\" content=\"summary_large_image\" \/>\n<meta name=\"twitter:label1\" content=\"Gesch\u00e4tzte Lesezeit\" \/>\n\t<meta name=\"twitter:data1\" content=\"1\u00a0Minute\" \/>\n<script type=\"application\/ld+json\" class=\"yoast-schema-graph\">{\"@context\":\"https:\\\/\\\/schema.org\",\"@graph\":[{\"@type\":\"WebPage\",\"@id\":\"https:\\\/\\\/www.fischerruedi.ch\\\/?page_id=377\",\"url\":\"https:\\\/\\\/www.fischerruedi.ch\\\/?page_id=377\",\"name\":\"Impressum - Fischer Ruedi\",\"isPartOf\":{\"@id\":\"https:\\\/\\\/www.fischerruedi.ch\\\/#website\"},\"datePublished\":\"2023-03-13T19:44:26+00:00\",\"dateModified\":\"2023-03-25T10:19:05+00:00\",\"description\":\"Fischer Ruedi Impressum Fischer Ruedi Grossratswahl B\u00e4tterkinden SVP Untere Emme Landwirt Grossratswahlen 2022 kanton bern Politik bern\",\"breadcrumb\":{\"@id\":\"https:\\\/\\\/www.fischerruedi.ch\\\/?page_id=377#breadcrumb\"},\"inLanguage\":\"de\",\"potentialAction\":[{\"@type\":\"ReadAction\",\"target\":[\"https:\\\/\\\/www.fischerruedi.ch\\\/?page_id=377\"]}]},{\"@type\":\"BreadcrumbList\",\"@id\":\"https:\\\/\\\/www.fischerruedi.ch\\\/?page_id=377#breadcrumb\",\"itemListElement\":[{\"@type\":\"ListItem\",\"position\":1,\"name\":\"Startseite\",\"item\":\"https:\\\/\\\/www.fischerruedi.ch\\\/\"},{\"@type\":\"ListItem\",\"position\":2,\"name\":\"Impressum\"}]},{\"@type\":\"WebSite\",\"@id\":\"https:\\\/\\\/www.fischerruedi.ch\\\/#website\",\"url\":\"https:\\\/\\\/www.fischerruedi.ch\\\/\",\"name\":\"Fischer Ruedi\",\"description\":\"Grossrat Kanton Bern\",\"publisher\":{\"@id\":\"https:\\\/\\\/www.fischerruedi.ch\\\/#organization\"},\"potentialAction\":[{\"@type\":\"SearchAction\",\"target\":{\"@type\":\"EntryPoint\",\"urlTemplate\":\"https:\\\/\\\/www.fischerruedi.ch\\\/?s={search_term_string}\"},\"query-input\":{\"@type\":\"PropertyValueSpecification\",\"valueRequired\":true,\"valueName\":\"search_term_string\"}}],\"inLanguage\":\"de\"},{\"@type\":\"Organization\",\"@id\":\"https:\\\/\\\/www.fischerruedi.ch\\\/#organization\",\"name\":\"Fischer Ruedi\",\"url\":\"https:\\\/\\\/www.fischerruedi.ch\\\/\",\"logo\":{\"@type\":\"ImageObject\",\"inLanguage\":\"de\",\"@id\":\"https:\\\/\\\/www.fischerruedi.ch\\\/#\\\/schema\\\/logo\\\/image\\\/\",\"url\":\"https:\\\/\\\/www.fischerruedi.ch\\\/wp-content\\\/uploads\\\/2022\\\/01\\\/Hohlraum_plakat_Ruedi.jpg\",\"contentUrl\":\"https:\\\/\\\/www.fischerruedi.ch\\\/wp-content\\\/uploads\\\/2022\\\/01\\\/Hohlraum_plakat_Ruedi.jpg\",\"width\":1200,\"height\":1714,\"caption\":\"Fischer Ruedi\"},\"image\":{\"@id\":\"https:\\\/\\\/www.fischerruedi.ch\\\/#\\\/schema\\\/logo\\\/image\\\/\"}}]}<\/script>\n<!-- \/ Yoast SEO plugin. -->","yoast_head_json":{"title":"Impressum - Fischer Ruedi","description":"Fischer Ruedi Impressum Fischer Ruedi Grossratswahl B\u00e4tterkinden SVP Untere Emme Landwirt Grossratswahlen 2022 kanton bern Politik bern","robots":{"index":"index","follow":"follow","max-snippet":"max-snippet:-1","max-image-preview":"max-image-preview:large","max-video-preview":"max-video-preview:-1"},"canonical":"https:\/\/www.fischerruedi.ch\/?page_id=377","og_locale":"de_DE","og_type":"article","og_title":"Impressum - Fischer Ruedi","og_description":"Fischer Ruedi Impressum Fischer Ruedi Grossratswahl B\u00e4tterkinden SVP Untere Emme Landwirt Grossratswahlen 2022 kanton bern Politik bern","og_url":"https:\/\/www.fischerruedi.ch\/?page_id=377","og_site_name":"Fischer Ruedi","article_modified_time":"2023-03-25T10:19:05+00:00","twitter_card":"summary_large_image","twitter_misc":{"Gesch\u00e4tzte Lesezeit":"1\u00a0Minute"},"schema":{"@context":"https:\/\/schema.org","@graph":[{"@type":"WebPage","@id":"https:\/\/www.fischerruedi.ch\/?page_id=377","url":"https:\/\/www.fischerruedi.ch\/?page_id=377","name":"Impressum - Fischer Ruedi","isPartOf":{"@id":"https:\/\/www.fischerruedi.ch\/#website"},"datePublished":"2023-03-13T19:44:26+00:00","dateModified":"2023-03-25T10:19:05+00:00","description":"Fischer Ruedi Impressum Fischer Ruedi Grossratswahl B\u00e4tterkinden SVP Untere Emme Landwirt Grossratswahlen 2022 kanton bern Politik bern","breadcrumb":{"@id":"https:\/\/www.fischerruedi.ch\/?page_id=377#breadcrumb"},"inLanguage":"de","potentialAction":[{"@type":"ReadAction","target":["https:\/\/www.fischerruedi.ch\/?page_id=377"]}]},{"@type":"BreadcrumbList","@id":"https:\/\/www.fischerruedi.ch\/?page_id=377#breadcrumb","itemListElement":[{"@type":"ListItem","position":1,"name":"Startseite","item":"https:\/\/www.fischerruedi.ch\/"},{"@type":"ListItem","position":2,"name":"Impressum"}]},{"@type":"WebSite","@id":"https:\/\/www.fischerruedi.ch\/#website","url":"https:\/\/www.fischerruedi.ch\/","name":"Fischer Ruedi","description":"Grossrat Kanton Bern","publisher":{"@id":"https:\/\/www.fischerruedi.ch\/#organization"},"potentialAction":[{"@type":"SearchAction","target":{"@type":"EntryPoint","urlTemplate":"https:\/\/www.fischerruedi.ch\/?s={search_term_string}"},"query-input":{"@type":"PropertyValueSpecification","valueRequired":true,"valueName":"search_term_string"}}],"inLanguage":"de"},{"@type":"Organization","@id":"https:\/\/www.fischerruedi.ch\/#organization","name":"Fischer Ruedi","url":"https:\/\/www.fischerruedi.ch\/","logo":{"@type":"ImageObject","inLanguage":"de","@id":"https:\/\/www.fischerruedi.ch\/#\/schema\/logo\/image\/","url":"https:\/\/www.fischerruedi.ch\/wp-content\/uploads\/2022\/01\/Hohlraum_plakat_Ruedi.jpg","contentUrl":"https:\/\/www.fischerruedi.ch\/wp-content\/uploads\/2022\/01\/Hohlraum_plakat_Ruedi.jpg","width":1200,"height":1714,"caption":"Fischer Ruedi"},"image":{"@id":"https:\/\/www.fischerruedi.ch\/#\/schema\/logo\/image\/"}}]}},"_links":{"self":[{"href":"https:\/\/www.fischerruedi.ch\/index.php?rest_route=\/wp\/v2\/pages\/377","targetHints":{"allow":["GET"]}}],"collection":[{"href":"https:\/\/www.fischerruedi.ch\/index.php?rest_route=\/wp\/v2\/pages"}],"about":[{"href":"https:\/\/www.fischerruedi.ch\/index.php?rest_route=\/wp\/v2\/types\/page"}],"author":[{"embeddable":true,"href":"https:\/\/www.fischerruedi.ch\/index.php?rest_route=\/wp\/v2\/users\/1"}],"replies":[{"embeddable":true,"href":"https:\/\/www.fischerruedi.ch\/index.php?rest_route=%2Fwp%2Fv2%2Fcomments&post=377"}],"version-history":[{"count":3,"href":"https:\/\/www.fischerruedi.ch\/index.php?rest_route=\/wp\/v2\/pages\/377\/revisions"}],"predecessor-version":[{"id":394,"href":"https:\/\/www.fischerruedi.ch\/index.php?rest_route=\/wp\/v2\/pages\/377\/revisions\/394"}],"wp:attachment":[{"href":"https:\/\/www.fischerruedi.ch\/index.php?rest_route=%2Fwp%2Fv2%2Fmedia&parent=377"}],"curies":[{"name":"wp","href":"https:\/\/api.w.org\/{rel}","templated":true}]}}