{"id":277368,"date":"2023-03-25T16:55:45","date_gmt":"2023-03-25T16:55:45","guid":{"rendered":"https:\/\/fischerruedi.ch\/?page_id=277368"},"modified":"2026-02-06T13:18:44","modified_gmt":"2026-02-06T13:18:44","slug":"taetigkeiten-neu","status":"publish","type":"page","link":"https:\/\/www.fischerruedi.ch\/?page_id=277368","title":{"rendered":"T\u00e4tigkeiten"},"content":{"rendered":"<p>[et_pb_section fb_built=&#8220;1&#8243; fullwidth=&#8220;on&#8220; _builder_version=&#8220;4.20.2&#8243; _module_preset=&#8220;default&#8220; da_disable_devices=&#8220;off|off|off&#8220; global_colors_info=&#8220;{}&#8220; da_is_popup=&#8220;off&#8220; da_exit_intent=&#8220;off&#8220; da_has_close=&#8220;on&#8220; da_alt_close=&#8220;off&#8220; da_dark_close=&#8220;off&#8220; da_not_modal=&#8220;on&#8220; da_is_singular=&#8220;off&#8220; da_with_loader=&#8220;off&#8220; da_has_shadow=&#8220;on&#8220;][et_pb_fullwidth_image src=&#8220;https:\/\/www.fischerruedi.ch\/wp-content\/uploads\/2023\/06\/ruedi_fischer_header_aktuelles.jpg&#8220; title_text=&#8220;ruedi_fischer_header_aktuelles&#8220; _builder_version=&#8220;4.20.2&#8243; _module_preset=&#8220;default&#8220; global_colors_info=&#8220;{}&#8220;][\/et_pb_fullwidth_image][\/et_pb_section][et_pb_section fb_built=&#8220;1&#8243; _builder_version=&#8220;4.20.2&#8243; _module_preset=&#8220;default&#8220; min_height=&#8220;731px&#8220; da_disable_devices=&#8220;off|off|off&#8220; global_colors_info=&#8220;{}&#8220; da_is_popup=&#8220;off&#8220; da_exit_intent=&#8220;off&#8220; da_has_close=&#8220;on&#8220; da_alt_close=&#8220;off&#8220; da_dark_close=&#8220;off&#8220; da_not_modal=&#8220;on&#8220; da_is_singular=&#8220;off&#8220; da_with_loader=&#8220;off&#8220; da_has_shadow=&#8220;on&#8220;][et_pb_row _builder_version=&#8220;4.20.2&#8243; _module_preset=&#8220;default&#8220; global_colors_info=&#8220;{}&#8220;][et_pb_column type=&#8220;4_4&#8243; _builder_version=&#8220;4.20.2&#8243; _module_preset=&#8220;default&#8220; global_colors_info=&#8220;{}&#8220;][et_pb_text _builder_version=&#8220;4.20.2&#8243; _module_preset=&#8220;default&#8220; global_colors_info=&#8220;{}&#8220;]<\/p>\n<h1 style=\"text-align: center;\">Meine Mandate<\/h1>\n<p>[\/et_pb_text][\/et_pb_column][\/et_pb_row][et_pb_row column_structure=&#8220;2_5,3_5&#8243; _builder_version=&#8220;4.20.2&#8243; _module_preset=&#8220;default&#8220; global_colors_info=&#8220;{}&#8220;][et_pb_column type=&#8220;2_5&#8243; _builder_version=&#8220;4.20.2&#8243; _module_preset=&#8220;default&#8220; global_colors_info=&#8220;{}&#8220;][et_pb_image src=&#8220;https:\/\/www.fischerruedi.ch\/wp-content\/uploads\/2022\/02\/taetigkeiten-baetterkinden.jpg&#8220; title_text=&#8220;taetigkeiten-baetterkinden&#8220; _builder_version=&#8220;4.20.2&#8243; _module_preset=&#8220;default&#8220; border_radii=&#8220;on|15px|15px|15px|15px&#8220; global_colors_info=&#8220;{}&#8220;][\/et_pb_image][\/et_pb_column][et_pb_column type=&#8220;3_5&#8243; _builder_version=&#8220;4.20.2&#8243; _module_preset=&#8220;default&#8220; global_colors_info=&#8220;{}&#8220;][et_pb_text _builder_version=&#8220;4.20.2&#8243; _module_preset=&#8220;default&#8220; global_colors_info=&#8220;{}&#8220;]<\/p>\n<p><strong>Gemeinderat B\u00e4tterkinden-Kr\u00e4iligen<\/strong><\/p>\n<p>Ressort Tiefbau<\/p>\n<ul>\n<li><span>Seit \u00fcber 10 Jahren sch\u00e4tze ich die gute Zusammenarbeit im Gemeinderat und in der Tiefbaukommission sehr.<\/span><\/li>\n<li><span>Zum Tiefbau geh\u00f6ren: Werkhof (zwei Mitarbeiter), Strassen, Winterdienst, Beleuchtung, Verkehrssicherheit, etc.<\/span><\/li>\n<\/ul>\n<p>&nbsp;<\/p>\n<p>[\/et_pb_text][\/et_pb_column][\/et_pb_row][et_pb_row _builder_version=&#8220;4.20.2&#8243; _module_preset=&#8220;default&#8220; global_colors_info=&#8220;{}&#8220;][et_pb_column type=&#8220;4_4&#8243; _builder_version=&#8220;4.20.2&#8243; _module_preset=&#8220;default&#8220; global_colors_info=&#8220;{}&#8220;][et_pb_divider _builder_version=&#8220;4.20.2&#8243; _module_preset=&#8220;default&#8220; global_colors_info=&#8220;{}&#8220;][\/et_pb_divider][\/et_pb_column][\/et_pb_row][et_pb_row column_structure=&#8220;2_5,3_5&#8243; _builder_version=&#8220;4.20.2&#8243; _module_preset=&#8220;default&#8220; global_colors_info=&#8220;{}&#8220;][et_pb_column type=&#8220;2_5&#8243; _builder_version=&#8220;4.20.2&#8243; _module_preset=&#8220;default&#8220; global_colors_info=&#8220;{}&#8220;][et_pb_image src=&#8220;https:\/\/www.fischerruedi.ch\/wp-content\/uploads\/2023\/03\/Grossrat-Headerbild-1.jpeg&#8220; title_text=&#8220;Grossrat-Headerbild&#8220; _builder_version=&#8220;4.20.2&#8243; _module_preset=&#8220;default&#8220; border_radii=&#8220;on|15px|15px|15px|15px&#8220; global_colors_info=&#8220;{}&#8220;][\/et_pb_image][\/et_pb_column][et_pb_column type=&#8220;3_5&#8243; _builder_version=&#8220;4.20.2&#8243; _module_preset=&#8220;default&#8220; global_colors_info=&#8220;{}&#8220;][et_pb_text _builder_version=&#8220;4.20.2&#8243; _module_preset=&#8220;default&#8220; hover_enabled=&#8220;0&#8243; global_colors_info=&#8220;{}&#8220; sticky_enabled=&#8220;0&#8243;]<\/p>\n<p><strong>Grossrat Kanton Bern<\/strong><\/p>\n<p>Am 27. M\u00e4rz 2022 wurde ich in den Grossen Rat des Kantons Bern gew\u00e4hlt. Durch dieses Amt konnte ich meinen Erfahrungsschatz erweitern und meine Anliegen auf Kantonsebene anbringen.<\/p>\n<p>Mandate: Mitglied der Bau-, Verkehrs-, Energie-, und Raumplanungskommission (BaK) und der Fachkommission Arch\u00e4ologie<\/p>\n<p>[\/et_pb_text][\/et_pb_column][\/et_pb_row][et_pb_row _builder_version=&#8220;4.20.2&#8243; _module_preset=&#8220;default&#8220; global_colors_info=&#8220;{}&#8220;][et_pb_column type=&#8220;4_4&#8243; _builder_version=&#8220;4.20.2&#8243; _module_preset=&#8220;default&#8220; global_colors_info=&#8220;{}&#8220;][et_pb_divider _builder_version=&#8220;4.20.2&#8243; _module_preset=&#8220;default&#8220; global_colors_info=&#8220;{}&#8220;][\/et_pb_divider][\/et_pb_column][\/et_pb_row][et_pb_row column_structure=&#8220;2_5,3_5&#8243; _builder_version=&#8220;4.20.2&#8243; _module_preset=&#8220;default&#8220; global_colors_info=&#8220;{}&#8220;][et_pb_column type=&#8220;2_5&#8243; _builder_version=&#8220;4.20.2&#8243; _module_preset=&#8220;default&#8220; global_colors_info=&#8220;{}&#8220;][et_pb_image src=&#8220;https:\/\/www.fischerruedi.ch\/wp-content\/uploads\/2022\/02\/felder-goldene-stunde-peterbudi.jpg&#8220; title_text=&#8220;felder-goldene-stunde-peterbudi&#8220; _builder_version=&#8220;4.20.2&#8243; _module_preset=&#8220;default&#8220; border_radii=&#8220;on|15px|15px|15px|15px&#8220; global_colors_info=&#8220;{}&#8220;][\/et_pb_image][\/et_pb_column][et_pb_column type=&#8220;3_5&#8243; _builder_version=&#8220;4.20.2&#8243; _module_preset=&#8220;default&#8220; global_colors_info=&#8220;{}&#8220;][et_pb_text _builder_version=&#8220;4.20.2&#8243; _module_preset=&#8220;default&#8220; global_colors_info=&#8220;{}&#8220;]<\/p>\n<p><strong>Planungskommission Emmental<\/strong><\/p>\n<p><span>Unter der Leitung der Regionalkonferenz d\u00fcrfen wir uns planerische Gedanken zum Emmental machen und entsprechende Planungsvorschl\u00e4ge einreichen.<\/span><\/p>\n<p>[\/et_pb_text][\/et_pb_column][\/et_pb_row][et_pb_row _builder_version=&#8220;4.20.2&#8243; _module_preset=&#8220;default&#8220; global_colors_info=&#8220;{}&#8220;][et_pb_column type=&#8220;4_4&#8243; _builder_version=&#8220;4.20.2&#8243; _module_preset=&#8220;default&#8220; global_colors_info=&#8220;{}&#8220;][et_pb_divider _builder_version=&#8220;4.20.2&#8243; _module_preset=&#8220;default&#8220; global_colors_info=&#8220;{}&#8220;][\/et_pb_divider][\/et_pb_column][\/et_pb_row][et_pb_row column_structure=&#8220;2_5,3_5&#8243; _builder_version=&#8220;4.20.2&#8243; _module_preset=&#8220;default&#8220; global_colors_info=&#8220;{}&#8220;][et_pb_column type=&#8220;2_5&#8243; _builder_version=&#8220;4.20.2&#8243; _module_preset=&#8220;default&#8220; global_colors_info=&#8220;{}&#8220;][et_pb_image src=&#8220;https:\/\/www.fischerruedi.ch\/wp-content\/uploads\/2022\/01\/lastwagen_kartoffel_zoom.jpg&#8220; title_text=&#8220;lastwagen_kartoffel_zoom&#8220; _builder_version=&#8220;4.20.2&#8243; _module_preset=&#8220;default&#8220; border_radii=&#8220;on|15px|15px|15px|15px&#8220; global_colors_info=&#8220;{}&#8220;][\/et_pb_image][\/et_pb_column][et_pb_column type=&#8220;3_5&#8243; _builder_version=&#8220;4.20.2&#8243; _module_preset=&#8220;default&#8220; global_colors_info=&#8220;{}&#8220;][et_pb_text _builder_version=&#8220;4.20.2&#8243; _module_preset=&#8220;default&#8220; global_colors_info=&#8220;{}&#8220;]<\/p>\n<div class=\"wp-block-media-text alignwide is-stacked-on-mobile is-vertically-aligned-top\">\n<div class=\"wp-block-media-text__content\">\n<p><strong>Pr\u00e4sident der schweizerischen Kartoffelproduzenten VSKP (2007 &#8211; 2025)<\/strong><\/p>\n<p><strong><\/strong><\/p>\n<\/div>\n<\/div>\n<ul>\n<li>Ziel: F\u00f6rderung und Entwicklung des Kartoffelanbaus und Absatzes in der Schweiz<\/li>\n<li>Dazu arbeiten wir mit privatem und genossenschaftlichen Handel, sowie Grossverteiler und Verarbeiter.<\/li>\n<li>Wir setzen uns ein f\u00fcr korrekte Preise und einen \u00f6kologischen Qualit\u00e4tsanbau.<\/li>\n<li>Wir betreiben Werbung, bestimmen mit bei Importen und suchen L\u00f6sungen f\u00fcr Ernteschwankungen.<\/li>\n<\/ul>\n<p>[\/et_pb_text][\/et_pb_column][\/et_pb_row][et_pb_row _builder_version=&#8220;4.20.2&#8243; _module_preset=&#8220;default&#8220; global_colors_info=&#8220;{}&#8220;][et_pb_column type=&#8220;4_4&#8243; _builder_version=&#8220;4.20.2&#8243; _module_preset=&#8220;default&#8220; global_colors_info=&#8220;{}&#8220;][et_pb_divider _builder_version=&#8220;4.20.2&#8243; _module_preset=&#8220;default&#8220; global_colors_info=&#8220;{}&#8220;][\/et_pb_divider][\/et_pb_column][\/et_pb_row][et_pb_row column_structure=&#8220;2_5,3_5&#8243; _builder_version=&#8220;4.20.2&#8243; _module_preset=&#8220;default&#8220; global_colors_info=&#8220;{}&#8220;][et_pb_column type=&#8220;2_5&#8243; _builder_version=&#8220;4.20.2&#8243; _module_preset=&#8220;default&#8220; global_colors_info=&#8220;{}&#8220;][et_pb_image src=&#8220;https:\/\/www.fischerruedi.ch\/wp-content\/uploads\/2022\/02\/rf-bundeshaus_bearbeitet.jpeg&#8220; title_text=&#8220;rf-bundeshaus_bearbeitet&#8220; _builder_version=&#8220;4.20.2&#8243; _module_preset=&#8220;default&#8220; border_radii=&#8220;on|15px|15px|15px|15px&#8220; global_colors_info=&#8220;{}&#8220;][\/et_pb_image][\/et_pb_column][et_pb_column type=&#8220;3_5&#8243; _builder_version=&#8220;4.20.2&#8243; _module_preset=&#8220;default&#8220; global_colors_info=&#8220;{}&#8220;][et_pb_text _builder_version=&#8220;4.20.2&#8243; _module_preset=&#8220;default&#8220; global_colors_info=&#8220;{}&#8220;]<\/p>\n<div class=\"wp-block-media-text alignwide is-stacked-on-mobile is-vertically-aligned-top\">\n<div class=\"wp-block-media-text__content\">\n<p><strong>Vize Pr\u00e4sident Swisspatat (2007 &#8211; 2025)<\/strong><\/p>\n<\/div>\n<\/div>\n<ul>\n<li>Die Swisspatat ist die Dachorganisation der schweizerischen Kartoffelwirtschaft.<\/li>\n<li>Sie vertritt die Gesamtinteresse der Branche.<\/li>\n<li>Ziel: dass die Konsumenten CH Kartoffeln kaufen, kochen und essen, im Restaurant oder als Convenience Produkt.<\/li>\n<\/ul>\n<p>[\/et_pb_text][\/et_pb_column][\/et_pb_row][et_pb_row _builder_version=&#8220;4.20.2&#8243; _module_preset=&#8220;default&#8220; global_colors_info=&#8220;{}&#8220;][et_pb_column type=&#8220;4_4&#8243; _builder_version=&#8220;4.20.2&#8243; _module_preset=&#8220;default&#8220; global_colors_info=&#8220;{}&#8220;][et_pb_divider _builder_version=&#8220;4.20.2&#8243; _module_preset=&#8220;default&#8220; global_colors_info=&#8220;{}&#8220;][\/et_pb_divider][\/et_pb_column][\/et_pb_row][et_pb_row column_structure=&#8220;2_5,3_5&#8243; _builder_version=&#8220;4.20.2&#8243; _module_preset=&#8220;default&#8220; global_colors_info=&#8220;{}&#8220;][et_pb_column type=&#8220;2_5&#8243; _builder_version=&#8220;4.20.2&#8243; _module_preset=&#8220;default&#8220; global_colors_info=&#8220;{}&#8220;][et_pb_image src=&#8220;https:\/\/www.fischerruedi.ch\/wp-content\/uploads\/2022\/02\/alpen-peterbudi.jpg&#8220; title_text=&#8220;alpen-peterbudi&#8220; _builder_version=&#8220;4.20.2&#8243; _module_preset=&#8220;default&#8220; border_radii=&#8220;on|15px|15px|15px|15px&#8220; global_colors_info=&#8220;{}&#8220;][\/et_pb_image][\/et_pb_column][et_pb_column type=&#8220;3_5&#8243; _builder_version=&#8220;4.20.2&#8243; _module_preset=&#8220;default&#8220; global_colors_info=&#8220;{}&#8220;][et_pb_text _builder_version=&#8220;4.20.2&#8243; _module_preset=&#8220;default&#8220; global_colors_info=&#8220;{}&#8220;]<\/p>\n<p><strong>Vorstand SVP Emmental und B\u00e4tterkinden-Kr\u00e4iligen<\/strong><\/p>\n<ul>\n<li><span>Zusammen mit meinen Kolleginnen und Kollegen setzen wir uns f\u00fcr eine gut b\u00fcrgerliche Politik ein.<\/span><br \/><span><\/span><\/li>\n<li><span>Gute L\u00f6sungen f\u00fcr das sch\u00f6ne Emmental und den Kanton Bern zu finden sind uns dabei besonders wichtig. \u00a0<\/span><\/li>\n<\/ul>\n<p>[\/et_pb_text][\/et_pb_column][\/et_pb_row][et_pb_row _builder_version=&#8220;4.20.2&#8243; _module_preset=&#8220;default&#8220; global_colors_info=&#8220;{}&#8220;][et_pb_column type=&#8220;4_4&#8243; _builder_version=&#8220;4.20.2&#8243; _module_preset=&#8220;default&#8220; global_colors_info=&#8220;{}&#8220;][et_pb_divider _builder_version=&#8220;4.20.2&#8243; _module_preset=&#8220;default&#8220; global_colors_info=&#8220;{}&#8220;][\/et_pb_divider][\/et_pb_column][\/et_pb_row][et_pb_row column_structure=&#8220;2_5,3_5&#8243; _builder_version=&#8220;4.20.2&#8243; _module_preset=&#8220;default&#8220; global_colors_info=&#8220;{}&#8220;][et_pb_column type=&#8220;2_5&#8243; _builder_version=&#8220;4.20.2&#8243; _module_preset=&#8220;default&#8220; global_colors_info=&#8220;{}&#8220;][et_pb_image src=&#8220;https:\/\/www.fischerruedi.ch\/wp-content\/uploads\/2022\/02\/Luftbild_Hofbergli2.jpg&#8220; title_text=&#8220;Luftbild_Hofbergli2&#8243; _builder_version=&#8220;4.20.2&#8243; _module_preset=&#8220;default&#8220; border_radii=&#8220;on|15px|15px|15px|15px&#8220; global_colors_info=&#8220;{}&#8220;][\/et_pb_image][\/et_pb_column][et_pb_column type=&#8220;3_5&#8243; _builder_version=&#8220;4.20.2&#8243; _module_preset=&#8220;default&#8220; global_colors_info=&#8220;{}&#8220;][et_pb_text _builder_version=&#8220;4.20.2&#8243; _module_preset=&#8220;default&#8220; global_colors_info=&#8220;{}&#8220;]<\/p>\n<div class=\"wp-block-media-text alignwide is-stacked-on-mobile is-vertically-aligned-top\">\n<div class=\"wp-block-media-text__content\">\n<p><strong>Vize Pr\u00e4sident Wasserversorgung Hofbergli<\/strong><br \/><strong>Vorstand Weggesellschaft Farnern \u2013 Schmiedenmatt<\/strong><\/p>\n<\/div>\n<\/div>\n<ul>\n<li>Auf den Jurabetrieben ist eine gute Wasserversorgung und gute Strassen besonders wichtig.<\/li>\n<li>Zusammen mit der Hinteren \u2013 und Vorderen Schmiedenmatt betreiben wir eine lokale Wasserversorgung.<\/li>\n<li>Mit Hilfe der Genossenschaften und der Gemeinde Farnern unterhalten wir die Strassen.<\/li>\n<\/ul>\n<p>[\/et_pb_text][\/et_pb_column][\/et_pb_row][et_pb_row _builder_version=&#8220;4.20.2&#8243; _module_preset=&#8220;default&#8220; global_colors_info=&#8220;{}&#8220;][et_pb_column type=&#8220;4_4&#8243; _builder_version=&#8220;4.20.2&#8243; _module_preset=&#8220;default&#8220; global_colors_info=&#8220;{}&#8220;][et_pb_divider _builder_version=&#8220;4.20.2&#8243; _module_preset=&#8220;default&#8220; global_colors_info=&#8220;{}&#8220;][\/et_pb_divider][\/et_pb_column][\/et_pb_row][et_pb_row column_structure=&#8220;2_5,3_5&#8243; _builder_version=&#8220;4.20.2&#8243; _module_preset=&#8220;default&#8220; global_colors_info=&#8220;{}&#8220;][et_pb_column type=&#8220;2_5&#8243; _builder_version=&#8220;4.20.2&#8243; _module_preset=&#8220;default&#8220; global_colors_info=&#8220;{}&#8220;][et_pb_image src=&#8220;https:\/\/www.fischerruedi.ch\/wp-content\/uploads\/2022\/01\/460.jpg&#8220; title_text=&#8220;460&#8243; _builder_version=&#8220;4.20.2&#8243; _module_preset=&#8220;default&#8220; border_radii=&#8220;on|15px|15px|15px|15px&#8220; global_colors_info=&#8220;{}&#8220;][\/et_pb_image][\/et_pb_column][et_pb_column type=&#8220;3_5&#8243; _builder_version=&#8220;4.20.2&#8243; _module_preset=&#8220;default&#8220; global_colors_info=&#8220;{}&#8220;][et_pb_text _builder_version=&#8220;4.20.2&#8243; _module_preset=&#8220;default&#8220; global_colors_info=&#8220;{}&#8220;]<\/p>\n<div class=\"wp-block-media-text alignwide is-stacked-on-mobile is-vertically-aligned-top\">\n<div class=\"wp-block-media-text__content\">\n<p><strong>Vorstand K\u00e4sereigenossenschaft Landshut<\/strong><\/p>\n<\/div>\n<\/div>\n<ul>\n<li>9 Milchlieferanten aus Utzenstorf und B\u00e4tterkinden liefern ihre Milch t\u00e4glich in die K\u00e4serei mit Laden.<\/li>\n<li>Der K\u00e4ser, zwei Mitarbeiter und ein Lehrling sind in der Produktion t\u00e4tig.<\/li>\n<li>Nebst der Emmentaler Produktion produzieren wir auch zahlreiche Spezialit\u00e4ten.<\/li>\n<\/ul>\n<p>[\/et_pb_text][\/et_pb_column][\/et_pb_row][\/et_pb_section]<\/p>\n","protected":false},"excerpt":{"rendered":"<p>Meine MandateGemeinderat B\u00e4tterkinden-Kr\u00e4iligen Ressort Tiefbau Seit \u00fcber 10 Jahren sch\u00e4tze ich die gute Zusammenarbeit im Gemeinderat und in der Tiefbaukommission sehr. Zum Tiefbau geh\u00f6ren: Werkhof (zwei Mitarbeiter), Strassen, Winterdienst, Beleuchtung, Verkehrssicherheit, etc. &nbsp;Grossrat Kanton Bern Am 27. M\u00e4rz 2022 wurde ich in den Grossen Rat des Kantons Bern gew\u00e4hlt. Durch dieses Amt konnte ich meinen Erfahrungsschatz erweitern und meine Anliegen auf Kantonsebene anbringen. Mandate: Mitglied der Bau-, Verkehrs-, Energie-, und Raumplanungskommission (BaK) und der Fachkommission Arch\u00e4ologiePlanungskommission Emmental Unter der Leitung der Regionalkonferenz d\u00fcrfen wir uns planerische Gedanken zum Emmental machen und entsprechende Planungsvorschl\u00e4ge einreichen. Pr\u00e4sident der schweizerischen Kartoffelproduzenten VSKP (2007 &#8211; 2025) Ziel: F\u00f6rderung und Entwicklung des Kartoffelanbaus und Absatzes in der Schweiz Dazu arbeiten wir mit privatem und genossenschaftlichen Handel, sowie Grossverteiler und Verarbeiter. Wir setzen uns ein f\u00fcr korrekte Preise und einen \u00f6kologischen Qualit\u00e4tsanbau. Wir betreiben Werbung, bestimmen mit bei Importen und suchen L\u00f6sungen f\u00fcr Ernteschwankungen. Vize Pr\u00e4sident Swisspatat (2007 &#8211; 2025) Die Swisspatat ist die Dachorganisation der schweizerischen Kartoffelwirtschaft. Sie vertritt die Gesamtinteresse der Branche. Ziel: dass die Konsumenten CH Kartoffeln kaufen, kochen und essen, im Restaurant oder als Convenience Produkt. Vorstand SVP Emmental und B\u00e4tterkinden-Kr\u00e4iligen Zusammen mit meinen Kolleginnen und Kollegen setzen wir uns f\u00fcr eine [&hellip;]<\/p>\n","protected":false},"author":1,"featured_media":0,"parent":0,"menu_order":0,"comment_status":"closed","ping_status":"closed","template":"","meta":{"_et_pb_use_builder":"on","_et_pb_old_content":"","_et_gb_content_width":"","footnotes":""},"class_list":["post-277368","page","type-page","status-publish","hentry"],"yoast_head":"<!-- This site is optimized with the Yoast SEO plugin v27.4 - https:\/\/yoast.com\/product\/yoast-seo-wordpress\/ -->\n<title>T\u00e4tigkeiten - Fischer Ruedi<\/title>\n<meta name=\"description\" content=\"Fischer Ruedi T\u00e4tigkeiten Fischer Ruedi Grossratswahl B\u00e4tterkinden SVP Untere Emme Landwirt Grossratswahlen 2022 kanton bern Politik bern\" \/>\n<meta name=\"robots\" content=\"index, follow, max-snippet:-1, max-image-preview:large, max-video-preview:-1\" \/>\n<link rel=\"canonical\" href=\"https:\/\/www.fischerruedi.ch\/?page_id=277368\" \/>\n<meta property=\"og:locale\" content=\"de_DE\" \/>\n<meta property=\"og:type\" content=\"article\" \/>\n<meta property=\"og:title\" content=\"T\u00e4tigkeiten - Fischer Ruedi\" \/>\n<meta property=\"og:description\" content=\"Fischer Ruedi T\u00e4tigkeiten Fischer Ruedi Grossratswahl B\u00e4tterkinden SVP Untere Emme Landwirt Grossratswahlen 2022 kanton bern Politik bern\" \/>\n<meta property=\"og:url\" content=\"https:\/\/www.fischerruedi.ch\/?page_id=277368\" \/>\n<meta property=\"og:site_name\" content=\"Fischer Ruedi\" \/>\n<meta property=\"article:modified_time\" content=\"2026-02-06T13:18:44+00:00\" \/>\n<meta name=\"twitter:card\" content=\"summary_large_image\" \/>\n<meta name=\"twitter:label1\" content=\"Gesch\u00e4tzte Lesezeit\" \/>\n\t<meta name=\"twitter:data1\" content=\"8\u00a0Minuten\" \/>\n<script type=\"application\/ld+json\" class=\"yoast-schema-graph\">{\"@context\":\"https:\\\/\\\/schema.org\",\"@graph\":[{\"@type\":\"WebPage\",\"@id\":\"https:\\\/\\\/www.fischerruedi.ch\\\/?page_id=277368\",\"url\":\"https:\\\/\\\/www.fischerruedi.ch\\\/?page_id=277368\",\"name\":\"T\u00e4tigkeiten - Fischer Ruedi\",\"isPartOf\":{\"@id\":\"https:\\\/\\\/www.fischerruedi.ch\\\/#website\"},\"datePublished\":\"2023-03-25T16:55:45+00:00\",\"dateModified\":\"2026-02-06T13:18:44+00:00\",\"description\":\"Fischer Ruedi T\u00e4tigkeiten Fischer Ruedi Grossratswahl B\u00e4tterkinden SVP Untere Emme Landwirt Grossratswahlen 2022 kanton bern Politik bern\",\"breadcrumb\":{\"@id\":\"https:\\\/\\\/www.fischerruedi.ch\\\/?page_id=277368#breadcrumb\"},\"inLanguage\":\"de\",\"potentialAction\":[{\"@type\":\"ReadAction\",\"target\":[\"https:\\\/\\\/www.fischerruedi.ch\\\/?page_id=277368\"]}]},{\"@type\":\"BreadcrumbList\",\"@id\":\"https:\\\/\\\/www.fischerruedi.ch\\\/?page_id=277368#breadcrumb\",\"itemListElement\":[{\"@type\":\"ListItem\",\"position\":1,\"name\":\"Startseite\",\"item\":\"https:\\\/\\\/www.fischerruedi.ch\\\/\"},{\"@type\":\"ListItem\",\"position\":2,\"name\":\"T\u00e4tigkeiten\"}]},{\"@type\":\"WebSite\",\"@id\":\"https:\\\/\\\/www.fischerruedi.ch\\\/#website\",\"url\":\"https:\\\/\\\/www.fischerruedi.ch\\\/\",\"name\":\"Fischer Ruedi\",\"description\":\"Grossrat Kanton Bern\",\"publisher\":{\"@id\":\"https:\\\/\\\/www.fischerruedi.ch\\\/#organization\"},\"potentialAction\":[{\"@type\":\"SearchAction\",\"target\":{\"@type\":\"EntryPoint\",\"urlTemplate\":\"https:\\\/\\\/www.fischerruedi.ch\\\/?s={search_term_string}\"},\"query-input\":{\"@type\":\"PropertyValueSpecification\",\"valueRequired\":true,\"valueName\":\"search_term_string\"}}],\"inLanguage\":\"de\"},{\"@type\":\"Organization\",\"@id\":\"https:\\\/\\\/www.fischerruedi.ch\\\/#organization\",\"name\":\"Fischer Ruedi\",\"url\":\"https:\\\/\\\/www.fischerruedi.ch\\\/\",\"logo\":{\"@type\":\"ImageObject\",\"inLanguage\":\"de\",\"@id\":\"https:\\\/\\\/www.fischerruedi.ch\\\/#\\\/schema\\\/logo\\\/image\\\/\",\"url\":\"https:\\\/\\\/www.fischerruedi.ch\\\/wp-content\\\/uploads\\\/2022\\\/01\\\/Hohlraum_plakat_Ruedi.jpg\",\"contentUrl\":\"https:\\\/\\\/www.fischerruedi.ch\\\/wp-content\\\/uploads\\\/2022\\\/01\\\/Hohlraum_plakat_Ruedi.jpg\",\"width\":1200,\"height\":1714,\"caption\":\"Fischer Ruedi\"},\"image\":{\"@id\":\"https:\\\/\\\/www.fischerruedi.ch\\\/#\\\/schema\\\/logo\\\/image\\\/\"}}]}<\/script>\n<!-- \/ Yoast SEO plugin. -->","yoast_head_json":{"title":"T\u00e4tigkeiten - Fischer Ruedi","description":"Fischer Ruedi T\u00e4tigkeiten Fischer Ruedi Grossratswahl B\u00e4tterkinden SVP Untere Emme Landwirt Grossratswahlen 2022 kanton bern Politik bern","robots":{"index":"index","follow":"follow","max-snippet":"max-snippet:-1","max-image-preview":"max-image-preview:large","max-video-preview":"max-video-preview:-1"},"canonical":"https:\/\/www.fischerruedi.ch\/?page_id=277368","og_locale":"de_DE","og_type":"article","og_title":"T\u00e4tigkeiten - Fischer Ruedi","og_description":"Fischer Ruedi T\u00e4tigkeiten Fischer Ruedi Grossratswahl B\u00e4tterkinden SVP Untere Emme Landwirt Grossratswahlen 2022 kanton bern Politik bern","og_url":"https:\/\/www.fischerruedi.ch\/?page_id=277368","og_site_name":"Fischer Ruedi","article_modified_time":"2026-02-06T13:18:44+00:00","twitter_card":"summary_large_image","twitter_misc":{"Gesch\u00e4tzte Lesezeit":"8\u00a0Minuten"},"schema":{"@context":"https:\/\/schema.org","@graph":[{"@type":"WebPage","@id":"https:\/\/www.fischerruedi.ch\/?page_id=277368","url":"https:\/\/www.fischerruedi.ch\/?page_id=277368","name":"T\u00e4tigkeiten - Fischer Ruedi","isPartOf":{"@id":"https:\/\/www.fischerruedi.ch\/#website"},"datePublished":"2023-03-25T16:55:45+00:00","dateModified":"2026-02-06T13:18:44+00:00","description":"Fischer Ruedi T\u00e4tigkeiten Fischer Ruedi Grossratswahl B\u00e4tterkinden SVP Untere Emme Landwirt Grossratswahlen 2022 kanton bern Politik bern","breadcrumb":{"@id":"https:\/\/www.fischerruedi.ch\/?page_id=277368#breadcrumb"},"inLanguage":"de","potentialAction":[{"@type":"ReadAction","target":["https:\/\/www.fischerruedi.ch\/?page_id=277368"]}]},{"@type":"BreadcrumbList","@id":"https:\/\/www.fischerruedi.ch\/?page_id=277368#breadcrumb","itemListElement":[{"@type":"ListItem","position":1,"name":"Startseite","item":"https:\/\/www.fischerruedi.ch\/"},{"@type":"ListItem","position":2,"name":"T\u00e4tigkeiten"}]},{"@type":"WebSite","@id":"https:\/\/www.fischerruedi.ch\/#website","url":"https:\/\/www.fischerruedi.ch\/","name":"Fischer Ruedi","description":"Grossrat Kanton Bern","publisher":{"@id":"https:\/\/www.fischerruedi.ch\/#organization"},"potentialAction":[{"@type":"SearchAction","target":{"@type":"EntryPoint","urlTemplate":"https:\/\/www.fischerruedi.ch\/?s={search_term_string}"},"query-input":{"@type":"PropertyValueSpecification","valueRequired":true,"valueName":"search_term_string"}}],"inLanguage":"de"},{"@type":"Organization","@id":"https:\/\/www.fischerruedi.ch\/#organization","name":"Fischer Ruedi","url":"https:\/\/www.fischerruedi.ch\/","logo":{"@type":"ImageObject","inLanguage":"de","@id":"https:\/\/www.fischerruedi.ch\/#\/schema\/logo\/image\/","url":"https:\/\/www.fischerruedi.ch\/wp-content\/uploads\/2022\/01\/Hohlraum_plakat_Ruedi.jpg","contentUrl":"https:\/\/www.fischerruedi.ch\/wp-content\/uploads\/2022\/01\/Hohlraum_plakat_Ruedi.jpg","width":1200,"height":1714,"caption":"Fischer Ruedi"},"image":{"@id":"https:\/\/www.fischerruedi.ch\/#\/schema\/logo\/image\/"}}]}},"_links":{"self":[{"href":"https:\/\/www.fischerruedi.ch\/index.php?rest_route=\/wp\/v2\/pages\/277368","targetHints":{"allow":["GET"]}}],"collection":[{"href":"https:\/\/www.fischerruedi.ch\/index.php?rest_route=\/wp\/v2\/pages"}],"about":[{"href":"https:\/\/www.fischerruedi.ch\/index.php?rest_route=\/wp\/v2\/types\/page"}],"author":[{"embeddable":true,"href":"https:\/\/www.fischerruedi.ch\/index.php?rest_route=\/wp\/v2\/users\/1"}],"replies":[{"embeddable":true,"href":"https:\/\/www.fischerruedi.ch\/index.php?rest_route=%2Fwp%2Fv2%2Fcomments&post=277368"}],"version-history":[{"count":10,"href":"https:\/\/www.fischerruedi.ch\/index.php?rest_route=\/wp\/v2\/pages\/277368\/revisions"}],"predecessor-version":[{"id":277935,"href":"https:\/\/www.fischerruedi.ch\/index.php?rest_route=\/wp\/v2\/pages\/277368\/revisions\/277935"}],"wp:attachment":[{"href":"https:\/\/www.fischerruedi.ch\/index.php?rest_route=%2Fwp%2Fv2%2Fmedia&parent=277368"}],"curies":[{"name":"wp","href":"https:\/\/api.w.org\/{rel}","templated":true}]}}