{"id":15,"date":"2022-01-11T20:24:46","date_gmt":"2022-01-11T20:24:46","guid":{"rendered":"https:\/\/fischerruedi.ch\/?page_id=15"},"modified":"2025-12-22T11:25:59","modified_gmt":"2025-12-22T11:25:59","slug":"ueber-mich","status":"publish","type":"page","link":"https:\/\/www.fischerruedi.ch\/?page_id=15","title":{"rendered":"\u00dcber mich"},"content":{"rendered":"[et_pb_section fb_built=&#8220;1&#8243; fullwidth=&#8220;on&#8220; _builder_version=&#8220;4.20.2&#8243; _module_preset=&#8220;default&#8220; da_disable_devices=&#8220;off|off|off&#8220; global_colors_info=&#8220;{}&#8220; da_is_popup=&#8220;off&#8220; da_exit_intent=&#8220;off&#8220; da_has_close=&#8220;on&#8220; da_alt_close=&#8220;off&#8220; da_dark_close=&#8220;off&#8220; da_not_modal=&#8220;on&#8220; da_is_singular=&#8220;off&#8220; da_with_loader=&#8220;off&#8220; da_has_shadow=&#8220;on&#8220;][et_pb_fullwidth_image src=&#8220;https:\/\/www.fischerruedi.ch\/wp-content\/uploads\/2023\/06\/ruedi_fischer_header_kontakt.jpg&#8220; title_text=&#8220;ruedi_fischer_header_kontakt&#8220; _builder_version=&#8220;4.20.2&#8243; _module_preset=&#8220;default&#8220; global_colors_info=&#8220;{}&#8220;][\/et_pb_fullwidth_image][\/et_pb_section][et_pb_section fb_built=&#8220;1&#8243; _builder_version=&#8220;4.20.2&#8243; _module_preset=&#8220;default&#8220; da_disable_devices=&#8220;off|off|off&#8220; global_colors_info=&#8220;{}&#8220; da_is_popup=&#8220;off&#8220; da_exit_intent=&#8220;off&#8220; da_has_close=&#8220;on&#8220; da_alt_close=&#8220;off&#8220; da_dark_close=&#8220;off&#8220; da_not_modal=&#8220;on&#8220; da_is_singular=&#8220;off&#8220; da_with_loader=&#8220;off&#8220; da_has_shadow=&#8220;on&#8220;][et_pb_row column_structure=&#8220;3_5,2_5&#8243; _builder_version=&#8220;4.20.2&#8243; _module_preset=&#8220;default&#8220; global_colors_info=&#8220;{}&#8220;][et_pb_column type=&#8220;3_5&#8243; _builder_version=&#8220;4.20.2&#8243; _module_preset=&#8220;default&#8220; global_colors_info=&#8220;{}&#8220;][et_pb_text _builder_version=&#8220;4.20.2&#8243; _module_preset=&#8220;default&#8220; global_colors_info=&#8220;{}&#8220;]<h1>Fischer Ruedi<\/h1>\n<p>1968<br \/>B\u00e4tterkinden<br \/>verheiratet mit Valerie Fischer<br \/>zwei erwachsene Kinder: Yves und Gilles<\/p>\n<h3>Beruf<\/h3>\n<ul>\n<li>Eidg. dipl. Landwirt (Berufsbildner)<\/li>\n<li>Betriebsleiter zusammen mit Bruder Samuel Fischer und Stefan Lanz<\/li>\n<li>Zusammen mit Bruder Samuel Fischer, \u00a0Betreiber der Fischer Agri GmbH<\/li>\n<li>Zusammen mit Bruder Samuel Fischer und Stefan Lanz, Betreiber Betriebsgemeinschaft Fischer-Lanz<\/li>\n<\/ul>\n<h3>Letzte Feriendestination<strong><br \/><\/strong><\/h3>\n<p>Besuch bei meinen Verwandten in Frankreich<\/p>\n<h3>Alp im Jura<\/h3>\n<p><strong><\/strong>Hofbergli: S\u00f6mmerungs- und kleiner Restaurationsbetrieb im Jura<\/p>\n<p><!-- \/wp:post-content --><\/p>\n<p><!-- wp:paragraph --><\/p>\n<h3>Freizeit<\/h3>\n<p>Mit Familie und Freunden Ausfl\u00fcge unternehmen, unser Kleinwasserkraftwerk, Hofbergli<\/p>\n<p><!-- \/wp:paragraph --><\/p>\n<p><!-- wp:paragraph --><\/p>\n<h3>Aktuelle Mandate<\/h3>\n<ul>\n<li><a href=\"https:\/\/www.gr.be.ch\/de\/start\/grosser-rat\/mitglieder\/mitgliedersuche\/mitgliederdetail.html?guid=2c1eded9b0ca4b2c99dbdf0975c461d8\" target=\"_blank\" rel=\"noopener\">Grossrat Kanton Bern<\/a><\/li>\n<li><a href=\"https:\/\/www.baetterkinden.ch\/de\/gemeinderat\/\" target=\"_blank\" rel=\"noopener\">Gemeinderat B\u00e4tterkinden<\/a>, Ressort Tiefbau<\/li>\n<li><a href=\"https:\/\/www.region-emmental.ch\" target=\"_blank\" rel=\"noopener\">Planungskommission Emmental<\/a><\/li>\n<li><a href=\"https:\/\/www.svp-baetterkinden.ch\/vorstand\/\" target=\"_blank\" rel=\"noopener\">Vorstand SVP Emmental und B\u00e4tterkinden-Kr\u00e4iligen<\/a><\/li>\n<li>Vize Pr\u00e4sident Wasserversorgungsgenossenschaft Hofbergli<\/li>\n<li>Vorstand K\u00e4sereigenossenschaft Landshut<\/li>\n<li>Vorstand Weggesellschaft Farnern &#8211; Schmiedenmatt<\/li>\n<\/ul>[\/et_pb_text][\/et_pb_column][et_pb_column type=&#8220;2_5&#8243; _builder_version=&#8220;4.20.2&#8243; _module_preset=&#8220;default&#8220; global_colors_info=&#8220;{}&#8220;][\/et_pb_column][\/et_pb_row][\/et_pb_section]","protected":false},"excerpt":{"rendered":"<p>Fischer Ruedi 1968B\u00e4tterkindenverheiratet mit Valerie Fischerzwei erwachsene Kinder: Yves und Gilles Beruf Eidg. dipl. Landwirt (Berufsbildner) Betriebsleiter zusammen mit Bruder Samuel Fischer und Stefan Lanz Zusammen mit Bruder Samuel Fischer, \u00a0Betreiber der Fischer Agri GmbH Zusammen mit Bruder Samuel Fischer und Stefan Lanz, Betreiber Betriebsgemeinschaft Fischer-Lanz Letzte Feriendestination Besuch bei meinen Verwandten in Frankreich Alp im Jura Hofbergli: S\u00f6mmerungs- und kleiner Restaurationsbetrieb im Jura Freizeit Mit Familie und Freunden Ausfl\u00fcge unternehmen, unser Kleinwasserkraftwerk, Hofbergli Aktuelle Mandate Grossrat Kanton Bern Gemeinderat B\u00e4tterkinden, Ressort Tiefbau Planungskommission Emmental Vorstand SVP Emmental und B\u00e4tterkinden-Kr\u00e4iligen Vize Pr\u00e4sident Wasserversorgungsgenossenschaft Hofbergli Vorstand K\u00e4sereigenossenschaft Landshut Vorstand Weggesellschaft Farnern &#8211; Schmiedenmatt<\/p>\n","protected":false},"author":1,"featured_media":0,"parent":0,"menu_order":0,"comment_status":"closed","ping_status":"closed","template":"","meta":{"_et_pb_use_builder":"on","_et_pb_old_content":"<!-- wp:media-text {\"mediaId\":252,\"mediaLink\":\"https:\/\/www.fischerruedi.ch\/?attachment_id=252\",\"mediaType\":\"image\"} -->\n<div class=\"wp-block-media-text alignwide is-stacked-on-mobile\"><figure class=\"wp-block-media-text__media\"><img src=\"https:\/\/www.fischerruedi.ch\/wp-content\/uploads\/2022\/02\/Foto-Ruedi-Portrait-819x1024.jpg\" alt=\"\" class=\"wp-image-252 size-full\"\/><\/figure><div class=\"wp-block-media-text__content\"><!-- wp:paragraph {\"placeholder\":\"Inhalt\u2026\",\"fontSize\":\"large\"} -->\n<p class=\"has-large-font-size\">Fischer Ruedi<\/p>\n<!-- \/wp:paragraph -->\n\n<!-- wp:quote -->\n<blockquote class=\"wp-block-quote\"><!-- wp:paragraph -->\n<p>\"Zersch z\u00e4m\u00e4 rede\"<\/p>\n<!-- \/wp:paragraph --><\/blockquote>\n<!-- \/wp:quote -->\n\n<!-- wp:paragraph -->\n<p>1968<br>B\u00e4tterkinden<br>verheiratet mit Valerie Fischer<br>zwei erwachsene Kinder: Yves und Gilles<br><br><strong>Beruf<\/strong><br>- Eidg. dipl. Landwirt (Berufsbildner)<br>- Betriebsleiter zusammen mit Bruder Samuel Fischer<br>- Zusammen mit Bruder Samuel Fischer, &nbsp;Betreiber der Fischer Agri GmbH<\/p>\n<!-- \/wp:paragraph --><\/div><\/div>\n<!-- \/wp:media-text -->\n\n<!-- wp:paragraph -->\n<p><strong>Letzte Feriendestination<br><\/strong>Besuch bei meinen Verwandten in Frankreich<\/p>\n<!-- \/wp:paragraph -->\n\n<!-- wp:paragraph -->\n<p><strong>Alp im Jura<br><\/strong>Hofbergli: S\u00f6mmerungs- und kleiner Restaurationsbetrieb im Jura<\/p>\n<!-- \/wp:paragraph -->\n\n<!-- wp:paragraph -->\n<p><strong>Freizeit<\/strong><br>Mit Familie und Freunden Ausfl\u00fcge unternehmen, unser Kleinwasserkraftwerk, Hofbergli<\/p>\n<!-- \/wp:paragraph -->\n\n<!-- wp:paragraph -->\n<p><strong>Aktuelle Mandate<\/strong><br>- Grossrat Kanton Bern<br>- Gemeinderat B\u00e4tterkinden, Ressort Tiefbau<br>- Planungskommission Emmental<br>- Vorstand SVP Emmental und B\u00e4tterkinden-Kr\u00e4iligen<br>- Pr\u00e4sident der Schweizerischen Kartoffelproduzenten<br>- Vize Pr\u00e4sident Swisspatat<br>- Vize Pr\u00e4sident Wasserversorgungsgenossenschaft Hofbergli<br>- Vorstand K\u00e4sereigenossenschaft Landshut<br>- Vorstand Weggesellschaft Farnern - Schmiedenmatt<br><\/p>\n<!-- \/wp:paragraph -->\n\n<!-- wp:paragraph -->\n<p><br><\/p>\n<!-- \/wp:paragraph -->","_et_gb_content_width":"1080","footnotes":""},"class_list":["post-15","page","type-page","status-publish","hentry"],"yoast_head":"<!-- This site is optimized with the Yoast SEO plugin v27.4 - https:\/\/yoast.com\/product\/yoast-seo-wordpress\/ -->\n<title>\u00dcber mich - Fischer Ruedi<\/title>\n<meta name=\"description\" content=\"Fischer Ruedi \u00dcber mich Fischer Ruedi Grossratswahl B\u00e4tterkinden SVP Untere Emme Landwirt Grossratswahlen 2022 kanton bern Politik bern\" \/>\n<meta name=\"robots\" content=\"index, follow, max-snippet:-1, max-image-preview:large, max-video-preview:-1\" \/>\n<link rel=\"canonical\" href=\"https:\/\/www.fischerruedi.ch\/?page_id=15\" \/>\n<meta property=\"og:locale\" content=\"de_DE\" \/>\n<meta property=\"og:type\" content=\"article\" \/>\n<meta property=\"og:title\" content=\"\u00dcber mich - Fischer Ruedi\" \/>\n<meta property=\"og:description\" content=\"Fischer Ruedi \u00dcber mich Fischer Ruedi Grossratswahl B\u00e4tterkinden SVP Untere Emme Landwirt Grossratswahlen 2022 kanton bern Politik bern\" \/>\n<meta property=\"og:url\" content=\"https:\/\/www.fischerruedi.ch\/?page_id=15\" \/>\n<meta property=\"og:site_name\" content=\"Fischer Ruedi\" \/>\n<meta property=\"article:modified_time\" content=\"2025-12-22T11:25:59+00:00\" \/>\n<meta name=\"twitter:card\" content=\"summary_large_image\" \/>\n<meta name=\"twitter:label1\" content=\"Gesch\u00e4tzte Lesezeit\" \/>\n\t<meta name=\"twitter:data1\" content=\"1\u00a0Minute\" \/>\n<script type=\"application\/ld+json\" class=\"yoast-schema-graph\">{\"@context\":\"https:\\\/\\\/schema.org\",\"@graph\":[{\"@type\":\"WebPage\",\"@id\":\"https:\\\/\\\/www.fischerruedi.ch\\\/?page_id=15\",\"url\":\"https:\\\/\\\/www.fischerruedi.ch\\\/?page_id=15\",\"name\":\"\u00dcber mich - Fischer Ruedi\",\"isPartOf\":{\"@id\":\"https:\\\/\\\/www.fischerruedi.ch\\\/#website\"},\"datePublished\":\"2022-01-11T20:24:46+00:00\",\"dateModified\":\"2025-12-22T11:25:59+00:00\",\"description\":\"Fischer Ruedi \u00dcber mich Fischer Ruedi Grossratswahl B\u00e4tterkinden SVP Untere Emme Landwirt Grossratswahlen 2022 kanton bern Politik bern\",\"breadcrumb\":{\"@id\":\"https:\\\/\\\/www.fischerruedi.ch\\\/?page_id=15#breadcrumb\"},\"inLanguage\":\"de\",\"potentialAction\":[{\"@type\":\"ReadAction\",\"target\":[\"https:\\\/\\\/www.fischerruedi.ch\\\/?page_id=15\"]}]},{\"@type\":\"BreadcrumbList\",\"@id\":\"https:\\\/\\\/www.fischerruedi.ch\\\/?page_id=15#breadcrumb\",\"itemListElement\":[{\"@type\":\"ListItem\",\"position\":1,\"name\":\"Startseite\",\"item\":\"https:\\\/\\\/www.fischerruedi.ch\\\/\"},{\"@type\":\"ListItem\",\"position\":2,\"name\":\"\u00dcber mich\"}]},{\"@type\":\"WebSite\",\"@id\":\"https:\\\/\\\/www.fischerruedi.ch\\\/#website\",\"url\":\"https:\\\/\\\/www.fischerruedi.ch\\\/\",\"name\":\"Fischer Ruedi\",\"description\":\"Grossrat Kanton Bern\",\"publisher\":{\"@id\":\"https:\\\/\\\/www.fischerruedi.ch\\\/#organization\"},\"potentialAction\":[{\"@type\":\"SearchAction\",\"target\":{\"@type\":\"EntryPoint\",\"urlTemplate\":\"https:\\\/\\\/www.fischerruedi.ch\\\/?s={search_term_string}\"},\"query-input\":{\"@type\":\"PropertyValueSpecification\",\"valueRequired\":true,\"valueName\":\"search_term_string\"}}],\"inLanguage\":\"de\"},{\"@type\":\"Organization\",\"@id\":\"https:\\\/\\\/www.fischerruedi.ch\\\/#organization\",\"name\":\"Fischer Ruedi\",\"url\":\"https:\\\/\\\/www.fischerruedi.ch\\\/\",\"logo\":{\"@type\":\"ImageObject\",\"inLanguage\":\"de\",\"@id\":\"https:\\\/\\\/www.fischerruedi.ch\\\/#\\\/schema\\\/logo\\\/image\\\/\",\"url\":\"https:\\\/\\\/www.fischerruedi.ch\\\/wp-content\\\/uploads\\\/2022\\\/01\\\/Hohlraum_plakat_Ruedi.jpg\",\"contentUrl\":\"https:\\\/\\\/www.fischerruedi.ch\\\/wp-content\\\/uploads\\\/2022\\\/01\\\/Hohlraum_plakat_Ruedi.jpg\",\"width\":1200,\"height\":1714,\"caption\":\"Fischer Ruedi\"},\"image\":{\"@id\":\"https:\\\/\\\/www.fischerruedi.ch\\\/#\\\/schema\\\/logo\\\/image\\\/\"}}]}<\/script>\n<!-- \/ Yoast SEO plugin. -->","yoast_head_json":{"title":"\u00dcber mich - Fischer Ruedi","description":"Fischer Ruedi \u00dcber mich Fischer Ruedi Grossratswahl B\u00e4tterkinden SVP Untere Emme Landwirt Grossratswahlen 2022 kanton bern Politik bern","robots":{"index":"index","follow":"follow","max-snippet":"max-snippet:-1","max-image-preview":"max-image-preview:large","max-video-preview":"max-video-preview:-1"},"canonical":"https:\/\/www.fischerruedi.ch\/?page_id=15","og_locale":"de_DE","og_type":"article","og_title":"\u00dcber mich - Fischer Ruedi","og_description":"Fischer Ruedi \u00dcber mich Fischer Ruedi Grossratswahl B\u00e4tterkinden SVP Untere Emme Landwirt Grossratswahlen 2022 kanton bern Politik bern","og_url":"https:\/\/www.fischerruedi.ch\/?page_id=15","og_site_name":"Fischer Ruedi","article_modified_time":"2025-12-22T11:25:59+00:00","twitter_card":"summary_large_image","twitter_misc":{"Gesch\u00e4tzte Lesezeit":"1\u00a0Minute"},"schema":{"@context":"https:\/\/schema.org","@graph":[{"@type":"WebPage","@id":"https:\/\/www.fischerruedi.ch\/?page_id=15","url":"https:\/\/www.fischerruedi.ch\/?page_id=15","name":"\u00dcber mich - Fischer Ruedi","isPartOf":{"@id":"https:\/\/www.fischerruedi.ch\/#website"},"datePublished":"2022-01-11T20:24:46+00:00","dateModified":"2025-12-22T11:25:59+00:00","description":"Fischer Ruedi \u00dcber mich Fischer Ruedi Grossratswahl B\u00e4tterkinden SVP Untere Emme Landwirt Grossratswahlen 2022 kanton bern Politik bern","breadcrumb":{"@id":"https:\/\/www.fischerruedi.ch\/?page_id=15#breadcrumb"},"inLanguage":"de","potentialAction":[{"@type":"ReadAction","target":["https:\/\/www.fischerruedi.ch\/?page_id=15"]}]},{"@type":"BreadcrumbList","@id":"https:\/\/www.fischerruedi.ch\/?page_id=15#breadcrumb","itemListElement":[{"@type":"ListItem","position":1,"name":"Startseite","item":"https:\/\/www.fischerruedi.ch\/"},{"@type":"ListItem","position":2,"name":"\u00dcber mich"}]},{"@type":"WebSite","@id":"https:\/\/www.fischerruedi.ch\/#website","url":"https:\/\/www.fischerruedi.ch\/","name":"Fischer Ruedi","description":"Grossrat Kanton Bern","publisher":{"@id":"https:\/\/www.fischerruedi.ch\/#organization"},"potentialAction":[{"@type":"SearchAction","target":{"@type":"EntryPoint","urlTemplate":"https:\/\/www.fischerruedi.ch\/?s={search_term_string}"},"query-input":{"@type":"PropertyValueSpecification","valueRequired":true,"valueName":"search_term_string"}}],"inLanguage":"de"},{"@type":"Organization","@id":"https:\/\/www.fischerruedi.ch\/#organization","name":"Fischer Ruedi","url":"https:\/\/www.fischerruedi.ch\/","logo":{"@type":"ImageObject","inLanguage":"de","@id":"https:\/\/www.fischerruedi.ch\/#\/schema\/logo\/image\/","url":"https:\/\/www.fischerruedi.ch\/wp-content\/uploads\/2022\/01\/Hohlraum_plakat_Ruedi.jpg","contentUrl":"https:\/\/www.fischerruedi.ch\/wp-content\/uploads\/2022\/01\/Hohlraum_plakat_Ruedi.jpg","width":1200,"height":1714,"caption":"Fischer Ruedi"},"image":{"@id":"https:\/\/www.fischerruedi.ch\/#\/schema\/logo\/image\/"}}]}},"_links":{"self":[{"href":"https:\/\/www.fischerruedi.ch\/index.php?rest_route=\/wp\/v2\/pages\/15","targetHints":{"allow":["GET"]}}],"collection":[{"href":"https:\/\/www.fischerruedi.ch\/index.php?rest_route=\/wp\/v2\/pages"}],"about":[{"href":"https:\/\/www.fischerruedi.ch\/index.php?rest_route=\/wp\/v2\/types\/page"}],"author":[{"embeddable":true,"href":"https:\/\/www.fischerruedi.ch\/index.php?rest_route=\/wp\/v2\/users\/1"}],"replies":[{"embeddable":true,"href":"https:\/\/www.fischerruedi.ch\/index.php?rest_route=%2Fwp%2Fv2%2Fcomments&post=15"}],"version-history":[{"count":24,"href":"https:\/\/www.fischerruedi.ch\/index.php?rest_route=\/wp\/v2\/pages\/15\/revisions"}],"predecessor-version":[{"id":277919,"href":"https:\/\/www.fischerruedi.ch\/index.php?rest_route=\/wp\/v2\/pages\/15\/revisions\/277919"}],"wp:attachment":[{"href":"https:\/\/www.fischerruedi.ch\/index.php?rest_route=%2Fwp%2Fv2%2Fmedia&parent=15"}],"curies":[{"name":"wp","href":"https:\/\/api.w.org\/{rel}","templated":true}]}}