{"id":11,"date":"2022-01-11T20:21:44","date_gmt":"2022-01-11T20:21:44","guid":{"rendered":"https:\/\/fischerruedi.ch\/?page_id=11"},"modified":"2026-03-31T05:49:02","modified_gmt":"2026-03-31T05:49:02","slug":"startseite","status":"publish","type":"page","link":"https:\/\/www.fischerruedi.ch\/","title":{"rendered":"Ruedi Fischer (B\u00e4tterkinden) &#8211; Grossrat Kanton Bern3"},"content":{"rendered":"<p>[et_pb_section fb_built=&#8220;1&#8243; fullwidth=&#8220;on&#8220; _builder_version=&#8220;4.20.2&#8243; _module_preset=&#8220;default&#8220; da_disable_devices=&#8220;off|off|off&#8220; global_colors_info=&#8220;{}&#8220; da_is_popup=&#8220;off&#8220; da_exit_intent=&#8220;off&#8220; da_has_close=&#8220;on&#8220; da_alt_close=&#8220;off&#8220; da_dark_close=&#8220;off&#8220; da_not_modal=&#8220;on&#8220; da_is_singular=&#8220;off&#8220; da_with_loader=&#8220;off&#8220; da_has_shadow=&#8220;on&#8220;][et_pb_fullwidth_image src=&#8220;https:\/\/www.fischerruedi.ch\/wp-content\/uploads\/2026\/03\/rudolf_fischer_header_startseiteDanke.jpg&#8220; title_text=&#8220;rudolf_fischer_header_startseiteDanke&#8220; admin_label=&#8220;Vollbreites Bild&#8220; _builder_version=&#8220;4.20.2&#8243; _module_preset=&#8220;default&#8220; hover_enabled=&#8220;0&#8243; global_colors_info=&#8220;{}&#8220; sticky_enabled=&#8220;0&#8243;][\/et_pb_fullwidth_image][\/et_pb_section][et_pb_section fb_built=&#8220;1&#8243; admin_label=&#8220;section&#8220; _builder_version=&#8220;4.20.2&#8243; min_height=&#8220;670px&#8220; custom_padding=&#8220;0px||0px||false|false&#8220; da_disable_devices=&#8220;off|off|off&#8220; global_colors_info=&#8220;{}&#8220; da_is_popup=&#8220;off&#8220; da_exit_intent=&#8220;off&#8220; da_has_close=&#8220;on&#8220; da_alt_close=&#8220;off&#8220; da_dark_close=&#8220;off&#8220; da_not_modal=&#8220;on&#8220; da_is_singular=&#8220;off&#8220; da_with_loader=&#8220;off&#8220; da_has_shadow=&#8220;on&#8220;][et_pb_row _builder_version=&#8220;4.20.2&#8243; _module_preset=&#8220;default&#8220; global_colors_info=&#8220;{}&#8220;][et_pb_column type=&#8220;4_4&#8243; _builder_version=&#8220;4.20.2&#8243; _module_preset=&#8220;default&#8220; global_colors_info=&#8220;{}&#8220;][et_pb_text _builder_version=&#8220;4.20.2&#8243; _module_preset=&#8220;default&#8220; global_colors_info=&#8220;{}&#8220;]<\/p>\n<h1>Ruedi Fischer<\/h1>\n<h3><span style=\"color: #008072;\"><strong>Zuh\u00f6ren, anpacken, umsetzen!<\/strong><\/span><\/h3>\n<p>[\/et_pb_text][\/et_pb_column][\/et_pb_row][et_pb_row column_structure=&#8220;2_3,1_3&#8243; _builder_version=&#8220;4.20.2&#8243; _module_preset=&#8220;default&#8220; global_colors_info=&#8220;{}&#8220;][et_pb_column type=&#8220;2_3&#8243; _builder_version=&#8220;4.20.2&#8243; _module_preset=&#8220;default&#8220; global_colors_info=&#8220;{}&#8220;][et_pb_text admin_label=&#8220;Text&#8220; _builder_version=&#8220;4.20.2&#8243; _module_preset=&#8220;default&#8220; inline_fonts=&#8220;Cormorant&#8220; global_colors_info=&#8220;{}&#8220;]<\/p>\n<p>Mein Motto ist &#8222;Zersch z\u00e4m\u00e4 rede&#8220;. Um gute Politik zu machen, braucht es eine praktische und finanziell umsetzbare Sachpolitik. Als <a href=\"https:\/\/www.fischerruedi.ch\/?page_id=178\">Landwirt<\/a> setze ich mich f\u00fcr eine \u00a0produzierende aber auch \u00f6kologische Landwirtschaft ein. Ein starkes Gewerbe und KMU sind mir sehr wichtig.<\/p>\n<p>Beim Verhandeln gilt: &#8222;Hart in der Sache, aber fair im Umgang&#8220;.<\/p>\n<p>Im Parlament in Bern sollen auch zuk\u00fcnftig aktive Berufsleute vertreten sein. In unseren Entscheiden m\u00fcssen wir offen sein f\u00fcr neues, aber auch bew\u00e4hrtes soll seinen Platz haben. Dazu braucht es einen gesunden Menschenverstand.<\/p>\n<p>Auf meiner Webseite erf\u00e4hrst du mehr \u00fcber mich und meine Haltung zu den verschiedenen Themen. Auf der Seite des <a href=\"https:\/\/www.bernerbauern.ch\/de\/politik-themen\/politik\/initiativen-wahlen\/Wahlen-2023.php#anchor_c9c78fb2_Accordion-Fischer-Ruedi\" target=\"_blank\" rel=\"noopener\">Berner Bauern Verband<\/a>\u00a0 und der <a href=\"https:\/\/www.svp-bern.ch\/personen\/ruedi-fischer\/\" target=\"_blank\" rel=\"noopener\">SVP Bern<\/a> findest du ein Portrait (inkl. Video) von mir und weiteren spannenden Kandidaten. Die Seite des <a href=\"https:\/\/www.gr.be.ch\/de\/start\/grosser-rat\/mitglieder\/mitgliedersuche\/mitgliederdetail.html?guid=360739082dca48b7af5cfc55145ffe16\" target=\"_blank\" rel=\"noopener\">Grossen Rat<\/a> des Kantons Bern bietet abschliessend einen Einblick in meine Arbeit als Grossrat und zeigt dir meine Mandate und eingereichte Vorst\u00f6sse.<\/p>\n<p>Am 29.03.2026 wurde ich mit 7&#8217;719 Stimmen in den Grossen Rat des Kantons Bern wiedergew\u00e4hlt. Ich danke f\u00fcr euer Vertrauen und freue mich auf eine weitere Legislatur als Grossrat vom Kanton Bern.<\/p>\n<p>Ruedi Fischer<\/p>\n<p>[\/et_pb_text][\/et_pb_column][et_pb_column type=&#8220;1_3&#8243; _builder_version=&#8220;4.20.2&#8243; _module_preset=&#8220;default&#8220; global_colors_info=&#8220;{}&#8220;][et_pb_image src=&#8220;https:\/\/www.fischerruedi.ch\/wp-content\/uploads\/2026\/02\/smartvote_spider.jpg&#8220; title_text=&#8220;smartvote_spider&#8220; url=&#8220;https:\/\/smartvote.ch\/de\/elections\/26_be_leg\/candidacies\/73806&#8243; url_new_window=&#8220;on&#8220; _builder_version=&#8220;4.20.2&#8243; _module_preset=&#8220;default&#8220; animation_style=&#8220;slide&#8220; animation_direction=&#8220;right&#8220; border_radii=&#8220;on|15px|15px|15px|15px&#8220; global_colors_info=&#8220;{}&#8220;][\/et_pb_image][et_pb_text _builder_version=&#8220;4.20.2&#8243; _module_preset=&#8220;default&#8220; min_height=&#8220;128px&#8220; global_colors_info=&#8220;{}&#8220;]<\/p>\n<p><span style=\"font-size: x-small;\">Quelle smartspider-Grafik: www.smartvote.ch\/www.sotomo.ch<\/span><\/p>\n<p>Unter <a href=\"https:\/\/smartvote.ch\/de\/elections\/26_be_leg\/candidacies\/73806\" target=\"_blank\" rel=\"noopener\">smartvote.ch<\/a> findest du mein detailliertes Profil einschliesslich meiner Standpunkte zu den unterschiedlichen Fragestellungen.<\/p>\n<p>[\/et_pb_text][\/et_pb_column][\/et_pb_row][\/et_pb_section][et_pb_section fb_built=&#8220;1&#8243; _builder_version=&#8220;4.20.2&#8243; _module_preset=&#8220;default&#8220; custom_margin=&#8220;0px||||false|false&#8220; custom_padding=&#8220;0px||||false|false&#8220; da_disable_devices=&#8220;off|off|off&#8220; global_colors_info=&#8220;{}&#8220; da_is_popup=&#8220;off&#8220; da_exit_intent=&#8220;off&#8220; da_has_close=&#8220;on&#8220; da_alt_close=&#8220;off&#8220; da_dark_close=&#8220;off&#8220; da_not_modal=&#8220;on&#8220; da_is_singular=&#8220;off&#8220; da_with_loader=&#8220;off&#8220; da_has_shadow=&#8220;on&#8220;][et_pb_row _builder_version=&#8220;4.20.2&#8243; _module_preset=&#8220;default&#8220; hover_enabled=&#8220;0&#8243; global_colors_info=&#8220;{}&#8220; sticky_enabled=&#8220;0&#8243;][et_pb_column type=&#8220;4_4&#8243; _builder_version=&#8220;4.20.2&#8243; _module_preset=&#8220;default&#8220; global_colors_info=&#8220;{}&#8220;][et_pb_video src=&#8220;https:\/\/youtu.be\/F4u6CppKdPE&#8220; image_src=&#8220;https:\/\/www.fischerruedi.ch\/wp-content\/uploads\/2026\/02\/referat_horsch_ruedi-scaled.jpg&#8220; module_id=&#8220;anchor-referat-horsch&#8220; _builder_version=&#8220;4.20.2&#8243; _module_preset=&#8220;default&#8220; global_colors_info=&#8220;{}&#8220;][\/et_pb_video][et_pb_text _builder_version=&#8220;4.20.2&#8243; _module_preset=&#8220;default&#8220; global_colors_info=&#8220;{}&#8220;]<\/p>\n<p>Herzlichen Dank an <a href=\"https:\/\/www.schweizerbauer.ch\/\" target=\"_blank\" rel=\"noopener\">Schweizer Bauer<\/a> f\u00fcr die Bereitstellung des Referats &#8222;K\u00fcnftig werden Landwirtinnen und Landwirte das Geld verdienen&#8220; von Michael Horsch gehalten in Kirchberg.<\/p>\n<p>[\/et_pb_text][\/et_pb_column][\/et_pb_row][\/et_pb_section]<\/p>\n","protected":false},"excerpt":{"rendered":"<p>Ruedi Fischer Zuh\u00f6ren, anpacken, umsetzen!Mein Motto ist &#8222;Zersch z\u00e4m\u00e4 rede&#8220;. Um gute Politik zu machen, braucht es eine praktische und finanziell umsetzbare Sachpolitik. Als Landwirt setze ich mich f\u00fcr eine \u00a0produzierende aber auch \u00f6kologische Landwirtschaft ein. Ein starkes Gewerbe und KMU sind mir sehr wichtig. Beim Verhandeln gilt: &#8222;Hart in der Sache, aber fair im Umgang&#8220;. Im Parlament in Bern sollen auch zuk\u00fcnftig aktive Berufsleute vertreten sein. In unseren Entscheiden m\u00fcssen wir offen sein f\u00fcr neues, aber auch bew\u00e4hrtes soll seinen Platz haben. Dazu braucht es einen gesunden Menschenverstand. Auf meiner Webseite erf\u00e4hrst du mehr \u00fcber mich und meine Haltung zu den verschiedenen Themen. Auf der Seite des Berner Bauern Verband\u00a0 und der SVP Bern findest du ein Portrait (inkl. Video) von mir und weiteren spannenden Kandidaten. Die Seite des Grossen Rat des Kantons Bern bietet abschliessend einen Einblick in meine Arbeit als Grossrat und zeigt dir meine Mandate und eingereichte Vorst\u00f6sse. Am 29.03.2026 wurde ich mit 7&#8217;719 Stimmen in den Grossen Rat des Kantons Bern wiedergew\u00e4hlt. Ich danke f\u00fcr euer Vertrauen und freue mich auf eine weitere Legislatur als Grossrat vom Kanton Bern. Ruedi FischerQuelle smartspider-Grafik: www.smartvote.ch\/www.sotomo.ch Unter smartvote.ch findest du mein detailliertes Profil einschliesslich meiner Standpunkte zu den [&hellip;]<\/p>\n","protected":false},"author":1,"featured_media":0,"parent":0,"menu_order":0,"comment_status":"closed","ping_status":"closed","template":"","meta":{"_et_pb_use_builder":"on","_et_pb_old_content":"<!-- wp:paragraph -->\n<p>Es freut mich, Sie auf meiner Webseite begr\u00fcssen zu d\u00fcrfen. Hier erfahren Sie  mehr \u00fcber <a href=\"https:\/\/www.fischerruedi.ch\/?page_id=15\">Ruedi Fischer<\/a>, Landwirt aus B\u00e4tterkinden.&nbsp;<\/p>\n<!-- \/wp:paragraph -->\n\n<!-- wp:paragraph -->\n<p id=\"ich-kandidiere-am-27-marz-2022-auf-der-liste-9-unteres-emmental-fur-den-grossen-rat\"><strong>Am 16. Januar 2023 haben mich die Delegierten der SVP Kanton Bern f\u00fcr die Nationalratswahlen nominiert. Zusammen mit weiteren 23 Kandidaten freue ich mich auf einen spannenden Wahlkampf.<\/strong><\/p>\n<!-- \/wp:paragraph -->\n\n<!-- wp:columns {\"verticalAlignment\":\"center\"} -->\n<div class=\"wp-block-columns are-vertically-aligned-center\"><!-- wp:column {\"verticalAlignment\":\"center\",\"width\":\"100%\"} -->\n<div class=\"wp-block-column is-vertically-aligned-center\" style=\"flex-basis:100%\"><!-- wp:group -->\n<div class=\"wp-block-group\"><!-- wp:columns -->\n<div class=\"wp-block-columns\"><!-- wp:column {\"width\":\"66.66%\"} -->\n<div class=\"wp-block-column\" style=\"flex-basis:66.66%\"><!-- wp:paragraph -->\n<p>Mein Motto ist \"Zersch z\u00e4m\u00e4 rede\". Um gute Politik zu machen, braucht es eine praktische und finanziell umsetzbare Sachpolitik. Als Landwirt setze ich mich f\u00fcr eine &nbsp;produzierende aber auch \u00f6kologische <a href=\"https:\/\/www.fischerruedi.ch\/?page_id=178\">Landwirtschaft<\/a> ein. Ein starkes Gewerbe und KMU sind mir sehr wichtig.<\/p>\n<!-- \/wp:paragraph -->\n\n<!-- wp:paragraph -->\n<p>Beim Verhandeln gilt: \"Hart in der Sache, aber fair im Umgang\". &nbsp;<\/p>\n<!-- \/wp:paragraph -->\n\n<!-- wp:paragraph -->\n<p>Im Parlament in Bern sollen auch zuk\u00fcnftig aktive <a href=\"https:\/\/www.fischerruedi.ch\/?page_id=42\">Berufsleute<\/a> vertreten sein. In unseren Entscheiden m\u00fcssen wir offen sein f\u00fcr neues, aber auch bew\u00e4hrtes soll seinen Platz haben. Dazu braucht es einen gesunden Menschenverstand.<\/p>\n<!-- \/wp:paragraph -->\n\n<!-- wp:paragraph -->\n<p>Herzlichen Dank f\u00fcr Ihre Stimme am 22. Oktober 2023!<\/p>\n<!-- \/wp:paragraph -->\n\n<!-- wp:paragraph -->\n<p>Ihr Interesse und Ihre Unterst\u00fctzung freut mich.<\/p>\n<!-- \/wp:paragraph -->\n\n<!-- wp:paragraph -->\n<p>Ruedi Fischer<\/p>\n<!-- \/wp:paragraph --><\/div>\n<!-- \/wp:column -->\n\n<!-- wp:column {\"width\":\"33.33%\"} -->\n<div class=\"wp-block-column\" style=\"flex-basis:33.33%\"><!-- wp:image {\"align\":\"center\",\"id\":347,\"sizeSlug\":\"large\",\"linkDestination\":\"none\",\"className\":\"is-style-default\"} -->\n<figure class=\"wp-block-image aligncenter size-large is-style-default\"><img src=\"https:\/\/www.fischerruedi.ch\/wp-content\/uploads\/2023\/02\/Foto-Ruedi-edited-819x1024.jpg\" alt=\"\" class=\"wp-image-347\"\/><\/figure>\n<!-- \/wp:image --><\/div>\n<!-- \/wp:column --><\/div>\n<!-- \/wp:columns --><\/div>\n<!-- \/wp:group --><\/div>\n<!-- \/wp:column --><\/div>\n<!-- \/wp:columns -->\n\n<!-- wp:separator {\"opacity\":\"css\"} -->\n<hr class=\"wp-block-separator has-css-opacity\"\/>\n<!-- \/wp:separator -->\n\n<!-- wp:video {\"id\":328,\"preload\":\"auto\"} -->\n<figure class=\"wp-block-video\"><video controls preload=\"auto\" src=\"https:\/\/www.fischerruedi.ch\/wp-content\/uploads\/2022\/02\/22.02.14-11-Fischer-Rudolf-Web-2160p.mp4\"><\/video><\/figure>\n<!-- \/wp:video -->\n\n<!-- wp:separator {\"opacity\":\"css\"} -->\n<hr class=\"wp-block-separator has-css-opacity\"\/>\n<!-- \/wp:separator -->","_et_gb_content_width":"1080","footnotes":""},"class_list":["post-11","page","type-page","status-publish","hentry"],"yoast_head":"<!-- This site is optimized with the Yoast SEO plugin v27.4 - https:\/\/yoast.com\/product\/yoast-seo-wordpress\/ -->\n<title>Fischer Ruedi - Grossrat und Landwirt<\/title>\n<meta name=\"description\" content=\"Entdecken Sie Ruedi Fischer, Grossrat des Kantons Bern und engagierter Landwirt. Erfahren Sie mehr \u00fcber seine politischen T\u00e4tigkeiten, seine Rolle in der Landwirtschaft und seine Beitr\u00e4ge zur Gemeinde B\u00e4tterkinden. Besuchen Sie die offizielle Website f\u00fcr aktuelle Informationen und Einblicke in seine Projekte.\" \/>\n<meta name=\"robots\" content=\"index, follow, max-snippet:-1, max-image-preview:large, max-video-preview:-1\" \/>\n<link rel=\"canonical\" href=\"https:\/\/www.fischerruedi.ch\/\" \/>\n<meta property=\"og:locale\" content=\"de_DE\" \/>\n<meta property=\"og:type\" content=\"article\" \/>\n<meta property=\"og:title\" content=\"Fischer Ruedi - Grossrat und Landwirt\" \/>\n<meta property=\"og:description\" content=\"Entdecken Sie Ruedi Fischer, Grossrat des Kantons Bern und engagierter Landwirt. Erfahren Sie mehr \u00fcber seine politischen T\u00e4tigkeiten, seine Rolle in der Landwirtschaft und seine Beitr\u00e4ge zur Gemeinde B\u00e4tterkinden. Besuchen Sie die offizielle Website f\u00fcr aktuelle Informationen und Einblicke in seine Projekte.\" \/>\n<meta property=\"og:url\" content=\"https:\/\/www.fischerruedi.ch\/\" \/>\n<meta property=\"og:site_name\" content=\"Fischer Ruedi\" \/>\n<meta property=\"article:modified_time\" content=\"2026-03-31T05:49:02+00:00\" \/>\n<meta name=\"twitter:card\" content=\"summary_large_image\" \/>\n<meta name=\"twitter:label1\" content=\"Gesch\u00e4tzte Lesezeit\" \/>\n\t<meta name=\"twitter:data1\" content=\"2\u00a0Minuten\" \/>\n<script type=\"application\/ld+json\" class=\"yoast-schema-graph\">{\"@context\":\"https:\\\/\\\/schema.org\",\"@graph\":[{\"@type\":\"WebPage\",\"@id\":\"https:\\\/\\\/www.fischerruedi.ch\\\/\",\"url\":\"https:\\\/\\\/www.fischerruedi.ch\\\/\",\"name\":\"Fischer Ruedi - Grossrat und Landwirt\",\"isPartOf\":{\"@id\":\"https:\\\/\\\/www.fischerruedi.ch\\\/#website\"},\"datePublished\":\"2022-01-11T20:21:44+00:00\",\"dateModified\":\"2026-03-31T05:49:02+00:00\",\"description\":\"Entdecken Sie Ruedi Fischer, Grossrat des Kantons Bern und engagierter Landwirt. Erfahren Sie mehr \u00fcber seine politischen T\u00e4tigkeiten, seine Rolle in der Landwirtschaft und seine Beitr\u00e4ge zur Gemeinde B\u00e4tterkinden. Besuchen Sie die offizielle Website f\u00fcr aktuelle Informationen und Einblicke in seine Projekte.\",\"breadcrumb\":{\"@id\":\"https:\\\/\\\/www.fischerruedi.ch\\\/#breadcrumb\"},\"inLanguage\":\"de\",\"potentialAction\":[{\"@type\":\"ReadAction\",\"target\":[\"https:\\\/\\\/www.fischerruedi.ch\\\/\"]}]},{\"@type\":\"BreadcrumbList\",\"@id\":\"https:\\\/\\\/www.fischerruedi.ch\\\/#breadcrumb\",\"itemListElement\":[{\"@type\":\"ListItem\",\"position\":1,\"name\":\"Startseite\",\"item\":\"https:\\\/\\\/www.fischerruedi.ch\\\/\"},{\"@type\":\"ListItem\",\"position\":2,\"name\":\"Ruedi Fischer (B\u00e4tterkinden) &#8211; Grossrat Kanton Bern3\"}]},{\"@type\":\"WebSite\",\"@id\":\"https:\\\/\\\/www.fischerruedi.ch\\\/#website\",\"url\":\"https:\\\/\\\/www.fischerruedi.ch\\\/\",\"name\":\"Fischer Ruedi\",\"description\":\"Grossrat Kanton Bern\",\"publisher\":{\"@id\":\"https:\\\/\\\/www.fischerruedi.ch\\\/#organization\"},\"potentialAction\":[{\"@type\":\"SearchAction\",\"target\":{\"@type\":\"EntryPoint\",\"urlTemplate\":\"https:\\\/\\\/www.fischerruedi.ch\\\/?s={search_term_string}\"},\"query-input\":{\"@type\":\"PropertyValueSpecification\",\"valueRequired\":true,\"valueName\":\"search_term_string\"}}],\"inLanguage\":\"de\"},{\"@type\":\"Organization\",\"@id\":\"https:\\\/\\\/www.fischerruedi.ch\\\/#organization\",\"name\":\"Fischer Ruedi\",\"url\":\"https:\\\/\\\/www.fischerruedi.ch\\\/\",\"logo\":{\"@type\":\"ImageObject\",\"inLanguage\":\"de\",\"@id\":\"https:\\\/\\\/www.fischerruedi.ch\\\/#\\\/schema\\\/logo\\\/image\\\/\",\"url\":\"https:\\\/\\\/www.fischerruedi.ch\\\/wp-content\\\/uploads\\\/2022\\\/01\\\/Hohlraum_plakat_Ruedi.jpg\",\"contentUrl\":\"https:\\\/\\\/www.fischerruedi.ch\\\/wp-content\\\/uploads\\\/2022\\\/01\\\/Hohlraum_plakat_Ruedi.jpg\",\"width\":1200,\"height\":1714,\"caption\":\"Fischer Ruedi\"},\"image\":{\"@id\":\"https:\\\/\\\/www.fischerruedi.ch\\\/#\\\/schema\\\/logo\\\/image\\\/\"}}]}<\/script>\n<!-- \/ Yoast SEO plugin. -->","yoast_head_json":{"title":"Fischer Ruedi - Grossrat und Landwirt","description":"Entdecken Sie Ruedi Fischer, Grossrat des Kantons Bern und engagierter Landwirt. Erfahren Sie mehr \u00fcber seine politischen T\u00e4tigkeiten, seine Rolle in der Landwirtschaft und seine Beitr\u00e4ge zur Gemeinde B\u00e4tterkinden. Besuchen Sie die offizielle Website f\u00fcr aktuelle Informationen und Einblicke in seine Projekte.","robots":{"index":"index","follow":"follow","max-snippet":"max-snippet:-1","max-image-preview":"max-image-preview:large","max-video-preview":"max-video-preview:-1"},"canonical":"https:\/\/www.fischerruedi.ch\/","og_locale":"de_DE","og_type":"article","og_title":"Fischer Ruedi - Grossrat und Landwirt","og_description":"Entdecken Sie Ruedi Fischer, Grossrat des Kantons Bern und engagierter Landwirt. Erfahren Sie mehr \u00fcber seine politischen T\u00e4tigkeiten, seine Rolle in der Landwirtschaft und seine Beitr\u00e4ge zur Gemeinde B\u00e4tterkinden. Besuchen Sie die offizielle Website f\u00fcr aktuelle Informationen und Einblicke in seine Projekte.","og_url":"https:\/\/www.fischerruedi.ch\/","og_site_name":"Fischer Ruedi","article_modified_time":"2026-03-31T05:49:02+00:00","twitter_card":"summary_large_image","twitter_misc":{"Gesch\u00e4tzte Lesezeit":"2\u00a0Minuten"},"schema":{"@context":"https:\/\/schema.org","@graph":[{"@type":"WebPage","@id":"https:\/\/www.fischerruedi.ch\/","url":"https:\/\/www.fischerruedi.ch\/","name":"Fischer Ruedi - Grossrat und Landwirt","isPartOf":{"@id":"https:\/\/www.fischerruedi.ch\/#website"},"datePublished":"2022-01-11T20:21:44+00:00","dateModified":"2026-03-31T05:49:02+00:00","description":"Entdecken Sie Ruedi Fischer, Grossrat des Kantons Bern und engagierter Landwirt. Erfahren Sie mehr \u00fcber seine politischen T\u00e4tigkeiten, seine Rolle in der Landwirtschaft und seine Beitr\u00e4ge zur Gemeinde B\u00e4tterkinden. Besuchen Sie die offizielle Website f\u00fcr aktuelle Informationen und Einblicke in seine Projekte.","breadcrumb":{"@id":"https:\/\/www.fischerruedi.ch\/#breadcrumb"},"inLanguage":"de","potentialAction":[{"@type":"ReadAction","target":["https:\/\/www.fischerruedi.ch\/"]}]},{"@type":"BreadcrumbList","@id":"https:\/\/www.fischerruedi.ch\/#breadcrumb","itemListElement":[{"@type":"ListItem","position":1,"name":"Startseite","item":"https:\/\/www.fischerruedi.ch\/"},{"@type":"ListItem","position":2,"name":"Ruedi Fischer (B\u00e4tterkinden) &#8211; Grossrat Kanton Bern3"}]},{"@type":"WebSite","@id":"https:\/\/www.fischerruedi.ch\/#website","url":"https:\/\/www.fischerruedi.ch\/","name":"Fischer Ruedi","description":"Grossrat Kanton Bern","publisher":{"@id":"https:\/\/www.fischerruedi.ch\/#organization"},"potentialAction":[{"@type":"SearchAction","target":{"@type":"EntryPoint","urlTemplate":"https:\/\/www.fischerruedi.ch\/?s={search_term_string}"},"query-input":{"@type":"PropertyValueSpecification","valueRequired":true,"valueName":"search_term_string"}}],"inLanguage":"de"},{"@type":"Organization","@id":"https:\/\/www.fischerruedi.ch\/#organization","name":"Fischer Ruedi","url":"https:\/\/www.fischerruedi.ch\/","logo":{"@type":"ImageObject","inLanguage":"de","@id":"https:\/\/www.fischerruedi.ch\/#\/schema\/logo\/image\/","url":"https:\/\/www.fischerruedi.ch\/wp-content\/uploads\/2022\/01\/Hohlraum_plakat_Ruedi.jpg","contentUrl":"https:\/\/www.fischerruedi.ch\/wp-content\/uploads\/2022\/01\/Hohlraum_plakat_Ruedi.jpg","width":1200,"height":1714,"caption":"Fischer Ruedi"},"image":{"@id":"https:\/\/www.fischerruedi.ch\/#\/schema\/logo\/image\/"}}]}},"_links":{"self":[{"href":"https:\/\/www.fischerruedi.ch\/index.php?rest_route=\/wp\/v2\/pages\/11","targetHints":{"allow":["GET"]}}],"collection":[{"href":"https:\/\/www.fischerruedi.ch\/index.php?rest_route=\/wp\/v2\/pages"}],"about":[{"href":"https:\/\/www.fischerruedi.ch\/index.php?rest_route=\/wp\/v2\/types\/page"}],"author":[{"embeddable":true,"href":"https:\/\/www.fischerruedi.ch\/index.php?rest_route=\/wp\/v2\/users\/1"}],"replies":[{"embeddable":true,"href":"https:\/\/www.fischerruedi.ch\/index.php?rest_route=%2Fwp%2Fv2%2Fcomments&post=11"}],"version-history":[{"count":101,"href":"https:\/\/www.fischerruedi.ch\/index.php?rest_route=\/wp\/v2\/pages\/11\/revisions"}],"predecessor-version":[{"id":277995,"href":"https:\/\/www.fischerruedi.ch\/index.php?rest_route=\/wp\/v2\/pages\/11\/revisions\/277995"}],"wp:attachment":[{"href":"https:\/\/www.fischerruedi.ch\/index.php?rest_route=%2Fwp%2Fv2%2Fmedia&parent=11"}],"curies":[{"name":"wp","href":"https:\/\/api.w.org\/{rel}","templated":true}]}}